000
CDUS41 KPHI 270632
CLIRDG


CLIMATE REPORT
NATIONAL WEATHER SERVICE MOUNT HOLLY NJ
232 AM EDT MON APR 27 2015


...................................

...THE READING PA CLIMATE SUMMARY FOR APRIL 26 2015...

CLIMATE NORMAL PERIOD 1981 TO 2010
CLIMATE RECORD PERIOD 1869 TO 2015


WEATHER ITEM   OBSERVED TIME   RECORD YEAR NORMAL DEPARTURE LAST
                VALUE   (LST)  VALUE       VALUE  FROM      YEAR
                                                  NORMAL
..................................................................
TEMPERATURE (F)
 YESTERDAY
  MAXIMUM         63    316 PM  91    1990  66     -3       73
  MINIMUM         38    310 AM  27    1972  44     -6       46
  AVERAGE         51                        55     -4       60

PRECIPITATION (IN)
  YESTERDAY        0.00          2.17 1953   0.10  -0.10      T
  MONTH TO DATE    1.69                      3.32  -1.63     2.82
  SINCE MAR 1      6.51                      6.80  -0.29     4.99
  SINCE JAN 1     10.25                     12.33  -2.08    11.67

SNOWFALL (IN)
  YESTERDAY       MM            MM      MM  MM     MM       MM
  MONTH TO DATE   MM                        MM     MM       MM
  SINCE MAR 1     MM                        MM     MM       MM
  SINCE JUL 1     MM                        MM     MM       MM
  SNOW DEPTH      MM

DEGREE DAYS
 HEATING
  YESTERDAY       14                        10      4        5
  MONTH TO DATE  335                       372    -37      353
  SINCE MAR 1   1255                      1115    140     1270
  SINCE JUL 1   5560                      5157    403     5580

 COOLING
  YESTERDAY        0                         0      0        0
  MONTH TO DATE    0                         0      0        9
  SINCE MAR 1      0                         0      0        9
  SINCE JAN 1      0                         0      0        9
..................................................................


WIND (MPH)
  HIGHEST WIND SPEED    16   HIGHEST WIND DIRECTION     N (360)
  HIGHEST GUST SPEED    22   HIGHEST GUST DIRECTION     N (20)
  AVERAGE WIND SPEED     5.4


SKY COVER
  POSSIBLE SUNSHINE  MM
  AVERAGE SKY COVER 0.2


WEATHER CONDITIONS
 THE FOLLOWING WEATHER WAS RECORDED YESTERDAY.
  NO SIGNIFICANT WEATHER WAS OBSERVED.


RELATIVE HUMIDITY (PERCENT)
 HIGHEST    70           300 AM
 LOWEST     25           400 PM
 AVERAGE    48

..........................................................


THE READING PA CLIMATE NORMALS FOR TODAY
                         NORMAL    RECORD    YEAR
 MAXIMUM TEMPERATURE (F)   67        92      2009
                                             1915
 MINIMUM TEMPERATURE (F)   44        33      1987


SUNRISE AND SUNSET
APRIL 27 2015.........SUNRISE   609 AM EDT   SUNSET   755 PM EDT
APRIL 28 2015.........SUNRISE   607 AM EDT   SUNSET   756 PM EDT


-  INDICATES NEGATIVE NUMBERS.
R  INDICATES RECORD WAS SET OR TIED.
MM INDICATES DATA IS MISSING.
T  INDICATES TRACE AMOUNT.




$$
