000
CDUS46 KPDT 250854
CLIRDM

CLIMATE REPORT
NATIONAL WEATHER SERVICE PENDLETON OR
137 AM PDT SAT APR 25 2015


...................................

...THE REDMOND OR CLIMATE SUMMARY FOR APRIL 24 2015...

CLIMATE NORMAL PERIOD 1981 TO 2010
CLIMATE RECORD PERIOD 1949 TO 2015


WEATHER ITEM   OBSERVED TIME   RECORD YEAR NORMAL DEPARTURE LAST
                VALUE   (LST)  VALUE       VALUE  FROM      YEAR
                                                  NORMAL
..................................................................
TEMPERATURE (F)
 YESTERDAY
  MAXIMUM         53    349 PM  87    1977  61     -8       61
  MINIMUM         28   1132 PM  16    1971  30     -2       40
  AVERAGE         41                        46     -5       51

PRECIPITATION (IN)
  YESTERDAY        0.00          0.58 1974   0.03  -0.03     0.01
  MONTH TO DATE    0.10                      0.57  -0.47     0.48
  SINCE OCT 1      5.76                      5.61   0.15     3.70
  SINCE JAN 1      1.48                      2.85  -1.37     2.99

DEGREE DAYS
 HEATING
  YESTERDAY       24                        19      5       14
  MONTH TO DATE  552                       509     43      459
  SINCE MAR 1   1173                      1287   -114     1180
  SINCE JUL 1   5206                      5960   -754     5973

 COOLING
  YESTERDAY        0                         0      0        0
  MONTH TO DATE    0                         0      0        0
  SINCE MAR 1      0                         0      0        0
  SINCE JAN 1      0                         0      0        0
..................................................................


WIND (MPH)
  RESULTANT WIND SPEED   3   RESULTANT WIND DIRECTION   N (340)
  HIGHEST WIND SPEED    21   HIGHEST WIND DIRECTION    NW (300)
  HIGHEST GUST SPEED    25   HIGHEST GUST DIRECTION    NW (300)
  AVERAGE WIND SPEED     6.1


SKY COVER
  POSSIBLE SUNSHINE  MM
  AVERAGE SKY COVER 0.4


WEATHER CONDITIONS
 THE FOLLOWING WEATHER WAS RECORDED YESTERDAY.
  NO SIGNIFICANT WEATHER WAS OBSERVED.


RELATIVE HUMIDITY (PERCENT)
 HIGHEST    85          1100 PM
 LOWEST     35           100 PM
 AVERAGE    60

..........................................................


THE REDMOND OR CLIMATE NORMALS FOR TODAY
                         NORMAL    RECORD    YEAR
 MAXIMUM TEMPERATURE (F)   62        77      1977
 MINIMUM TEMPERATURE (F)   30        18      1975


SUNRISE AND SUNSET
APRIL 25 2015.........SUNRISE   605 AM PDT   SUNSET   801 PM PDT
APRIL 26 2015.........SUNRISE   603 AM PDT   SUNSET   802 PM PDT


-  INDICATES NEGATIVE NUMBERS.
R  INDICATES RECORD WAS SET OR TIED.
MM INDICATES DATA IS MISSING.
T  INDICATES TRACE AMOUNT.




$$
