000
CDUS45 KRIW 050742
CLIRKS


CLIMATE REPORT
NATIONAL WEATHER SERVICE RIVERTON WY
142 AM MDT TUE MAY 5 2015


...................................

...THE ROCK SPRINGS WY CLIMATE SUMMARY FOR MAY 4 2015...

CLIMATE NORMAL PERIOD 1981 TO 2010
CLIMATE RECORD PERIOD 1948 TO 2015


WEATHER ITEM   OBSERVED TIME   RECORD YEAR NORMAL DEPARTURE LAST
                VALUE   (LST)  VALUE       VALUE  FROM      YEAR
                                                  NORMAL
..................................................................
TEMPERATURE (F)
 YESTERDAY
  MAXIMUM         65    136 PM  79    2004  60      5       74
                                      1966
  MINIMUM         39    531 AM  18    1950  34      5       47
  AVERAGE         52                        47      5       61

PRECIPITATION (IN)
  YESTERDAY        0.00          0.53 1998   0.04  -0.04     0.00
  MONTH TO DATE    0.02                      0.16  -0.14     0.00
  SINCE MAR 1      0.91                      1.75  -0.84     0.67
  SINCE JAN 1      1.00                      2.68  -1.68     0.82

DEGREE DAYS
 HEATING
  YESTERDAY       13                        18     -5        4
  MONTH TO DATE   43                        74    -31       38
  SINCE MAR 1   1488                      1754   -266     1581
  SINCE JUL 1   6601                      7606  -1005     7033

 COOLING
  YESTERDAY        0                         0      0        0
  MONTH TO DATE    0                         0      0        0
  SINCE MAR 1      0                         0      0        0
  SINCE JAN 1      0                         0      0        0
..................................................................


WIND (MPH)
  HIGHEST WIND SPEED    20   HIGHEST WIND DIRECTION     S (180)
  HIGHEST GUST SPEED    24   HIGHEST GUST DIRECTION     S (180)
  AVERAGE WIND SPEED     5.9


SKY COVER
  POSSIBLE SUNSHINE  MM
  AVERAGE SKY COVER 0.3


WEATHER CONDITIONS
 THE FOLLOWING WEATHER WAS RECORDED YESTERDAY.
  THUNDERSTORM


RELATIVE HUMIDITY (PERCENT)
 HIGHEST    86           600 AM
 LOWEST     31           100 PM
 AVERAGE    59

..........................................................


THE ROCK SPRINGS WY CLIMATE NORMALS FOR TODAY
                         NORMAL    RECORD    YEAR
 MAXIMUM TEMPERATURE (F)   60        79      2004
 MINIMUM TEMPERATURE (F)   35        18      2010
                                             1950


SUNRISE AND SUNSET
MAY  5 2015...........SUNRISE   608 AM MDT   SUNSET   818 PM MDT
MAY  6 2015...........SUNRISE   607 AM MDT   SUNSET   819 PM MDT


-  INDICATES NEGATIVE NUMBERS.
R  INDICATES RECORD WAS SET OR TIED.
MM INDICATES DATA IS MISSING.
T  INDICATES TRACE AMOUNT.




$$
