000
CDUS45 KPIH 042321
CLIRXE


CLIMATE REPORT
NATIONAL WEATHER SERVICE POCATELLO ID
520 PM MDT MON MAY 4 2015


...................................

...THE REXBURG ID CLIMATE SUMMARY FOR MAY 4 2015...
VALID TODAY AS OF 0500 PM LOCAL TIME.

CLIMATE NORMAL PERIOD 1981 TO 2010
CLIMATE RECORD PERIOD 1998 TO 2015


WEATHER ITEM   OBSERVED TIME   RECORD YEAR NORMAL DEPARTURE LAST
                VALUE   (LST)  VALUE       VALUE  FROM      YEAR
                                                  NORMAL
..................................................................
TEMPERATURE (F)
 TODAY
  MAXIMUM         74    328 PM  81    2004  62     12       69
  MINIMUM         37    533 AM  26    2001  35      2       51
  AVERAGE         56                        49      7       60

PRECIPITATION (IN)
  TODAY            T            MM      MM   0.06  -0.06     0.00
  MONTH TO DATE    0.01                      0.22  -0.21     0.00
  SINCE OCT 1      4.59                      7.54  -2.95     6.33
  SINCE JAN 1      1.82                      4.33  -2.51     4.47

SNOWFALL (IN)
  TODAY           MM
  MONTH TO DATE   MM
  SINCE MAR 1     MM
  SINCE JUL 1     MM
  SNOW DEPTH      MM

DEGREE DAYS
 HEATING
  TODAY            9                        16     -7        5
  MONTH TO DATE   39                        66    -27       36
  SINCE MAR 1   1375                      1658   -283     1525
  SINCE JUL 1   6459                      7631  -1172     7340

 COOLING
  TODAY            0                         0      0        0
  MONTH TO DATE    0                         0      0        0
  SINCE MAR 1      0                         0      0        0
  SINCE JAN 1      0                         0      0        0
..................................................................


WIND (MPH)
  HIGHEST WIND SPEED    14   HIGHEST WIND DIRECTION    SW (220)
  HIGHEST GUST SPEED    19   HIGHEST GUST DIRECTION    SW (240)
  AVERAGE WIND SPEED     6.2


SKY COVER
  POSSIBLE SUNSHINE  MM
  AVERAGE SKY COVER 0.1


WEATHER CONDITIONS
 THE FOLLOWING WEATHER WAS RECORDED TODAY.
  LIGHT RAIN


RELATIVE HUMIDITY (PERCENT)
 HIGHEST    85           300 AM
 LOWEST     17           300 PM
 AVERAGE    51

..........................................................


THE REXBURG ID CLIMATE NORMALS FOR TOMORROW
                         NORMAL    RECORD    YEAR
 MAXIMUM TEMPERATURE (F)   63        79      2004
 MINIMUM TEMPERATURE (F)   36        23      2010


SUNRISE AND SUNSET
MAY  4 2015...........SUNRISE   615 AM MDT   SUNSET   833 PM MDT
MAY  5 2015...........SUNRISE   614 AM MDT   SUNSET   835 PM MDT


-  INDICATES NEGATIVE NUMBERS.
R  INDICATES RECORD WAS SET OR TIED.
MM INDICATES DATA IS MISSING.
T  INDICATES TRACE AMOUNT.




$$
