000
CDUS46 KSGX 280016
CLISAN


CLIMATE REPORT
NATIONAL WEATHER SERVICE SAN DIEGO, CA
516 PM PDT MON APR 27 2015


...................................

...THE SAN DIEGO/LINDBERGH FIELD CA CLIMATE SUMMARY FOR APRIL 27 2015...
VALID TODAY AS OF 0500 PM LOCAL TIME.

CLIMATE NORMAL PERIOD 1981 TO 2010
CLIMATE RECORD PERIOD 1874 TO 2015


WEATHER ITEM   OBSERVED TIME   RECORD YEAR NORMAL DEPARTURE LAST
                VALUE   (LST)  VALUE       VALUE  FROM      YEAR
                                                  NORMAL
..................................................................
TEMPERATURE (F)
 TODAY
  MAXIMUM         80    259 PM  94    2008  68     12       67
  MINIMUM         58    512 AM  45    1883  57      1       59
  AVERAGE         69                        63      6       63

PRECIPITATION (IN)
  TODAY            0.00          0.80 1885   0.01  -0.01     0.00
  MONTH TO DATE    0.02                      0.73  -0.71     0.53
  SINCE OCT 1      6.52                      9.90  -3.38     5.01
  SINCE JAN 1      1.65                      6.79  -5.14     2.82

SNOWFALL (IN)
  TODAY            0.0
  MONTH TO DATE    0.0
  SINCE MAR 1      0.0
  SINCE JUL 1      0.0
  SNOW DEPTH       0

DEGREE DAYS
 HEATING
  TODAY            0                         3     -3        2
  MONTH TO DATE   21                       104    -83       40
  SINCE MAR 1     57                       282   -225       80
  SINCE JUL 1    403                      1140   -737      536

 COOLING
  TODAY            4                         1      3        0
  MONTH TO DATE   35                         9     26       28
  SINCE MAR 1    128                        14    114       48
  SINCE JAN 1    150                        19    131       57
..................................................................


WIND (MPH)
  RESULTANT WIND SPEED   4   RESULTANT WIND DIRECTION  NW (330)
  HIGHEST WIND SPEED    15   HIGHEST WIND DIRECTION    NW (330)
  HIGHEST GUST SPEED    18   HIGHEST GUST DIRECTION    NW (330)
  AVERAGE WIND SPEED     4.7


SKY COVER
  POSSIBLE SUNSHINE  MM
  AVERAGE SKY COVER 0.2


WEATHER CONDITIONS
 THE FOLLOWING WEATHER WAS RECORDED TODAY.
  NO SIGNIFICANT WEATHER WAS OBSERVED.


RELATIVE HUMIDITY (PERCENT)
 HIGHEST    77           500 AM
 LOWEST     30           300 PM
 AVERAGE    54

..........................................................


THE SAN DIEGO/LINDBERGH FIELD CA CLIMATE NORMALS FOR TOMORROW
                         NORMAL    RECORD    YEAR
 MAXIMUM TEMPERATURE (F)   68        88      2008
                                             1921
 MINIMUM TEMPERATURE (F)   57        45      1900
                                             1894
                                             1884


SUNRISE AND SUNSET
APRIL 27 2015.........SUNRISE   606 AM PDT   SUNSET   727 PM PDT
APRIL 28 2015.........SUNRISE   605 AM PDT   SUNSET   728 PM PDT


-  INDICATES NEGATIVE NUMBERS.
R  INDICATES RECORD WAS SET OR TIED.
MM INDICATES DATA IS MISSING.
T  INDICATES TRACE AMOUNT.




$$
