000
CDUS46 KLOX 210903
CLISDB


CLIMATE REPORT
NATIONAL WEATHER SERVICE LOS ANGELES/OXNARD CA
203 AM PDT TUE APR 21 2015


...................................

...THE SANDBERG CA CLIMATE SUMMARY FOR APRIL 20 2015...

CLIMATE NORMAL PERIOD 1981 TO 2010
CLIMATE RECORD PERIOD 1934 TO 2015


WEATHER ITEM   OBSERVED TIME   RECORD YEAR NORMAL DEPARTURE LAST
                VALUE   (LST)  VALUE       VALUE  FROM      YEAR
                                                  NORMAL
..................................................................
TEMPERATURE (F)
 YESTERDAY
  MAXIMUM         74   1235 PM  82    1994  59     15       76
  MINIMUM         48   1159 PM  23    1967  43      5       52
  AVERAGE         61                        51     10       64

PRECIPITATION (IN)
  YESTERDAY        0.00          0.65 1953   0.01  -0.01     0.00
  MONTH TO DATE    0.05                      0.47  -0.42     0.11
  SINCE OCT 1      6.86                     11.48  -4.62     4.03
  SINCE JAN 1      1.96                      7.85  -5.89     3.33

DEGREE DAYS
 HEATING
  YESTERDAY        4                        14    -10        1
  MONTH TO DATE  193                       317   -124      147
  SINCE MAR 1    416                       887   -471      489
  SINCE JUL 1   2047                      3646  -1599     2274

 COOLING
  YESTERDAY        0                         0      0        0
  MONTH TO DATE    4                         0      4       19
  SINCE MAR 1     36                         1     35       22
  SINCE JAN 1     39                         1     38       29
..................................................................


WIND (MPH)
  HIGHEST WIND SPEED    21   HIGHEST WIND DIRECTION     S (180)
  HIGHEST GUST SPEED    28   HIGHEST GUST DIRECTION     S (180)
  AVERAGE WIND SPEED     9.6


SKY COVER
  POSSIBLE SUNSHINE  MM
  AVERAGE SKY COVER 0.0


WEATHER CONDITIONS
 THE FOLLOWING WEATHER WAS RECORDED YESTERDAY.
  NO SIGNIFICANT WEATHER WAS OBSERVED.


RELATIVE HUMIDITY (PERCENT)
 HIGHEST    66          1100 PM
 LOWEST     20           300 PM
 AVERAGE    43

..........................................................


THE SANDBERG CA CLIMATE NORMALS FOR TODAY
                         NORMAL    RECORD    YEAR
 MAXIMUM TEMPERATURE (F)   60        83      2013
                                             2012
 MINIMUM TEMPERATURE (F)   43        22      1971


SUNRISE AND SUNSET
APRIL 21 2015.........SUNRISE   616 AM PDT   SUNSET   732 PM PDT
APRIL 22 2015.........SUNRISE   615 AM PDT   SUNSET   733 PM PDT


-  INDICATES NEGATIVE NUMBERS.
R  INDICATES RECORD WAS SET OR TIED.
MM INDICATES DATA IS MISSING.
T  INDICATES TRACE AMOUNT.




$$
