000
CDUS46 KOTX 060830
CLISFF


CLIMATE REPORT
NATIONAL WEATHER SERVICE SPOKANE, WA
130 AM PDT WED MAY 6 2015


...................................

...THE SPOKANE WA FELTS AIRPORT CLIMATE SUMMARY FOR MAY 5 2015...

CLIMATE NORMAL PERIOD 1981 TO 2010
CLIMATE RECORD PERIOD 9999 TO 9999


WEATHER ITEM   OBSERVED TIME   RECORD YEAR NORMAL DEPARTURE LAST
                VALUE   (LST)  VALUE       VALUE  FROM      YEAR
                                                  NORMAL
..................................................................
TEMPERATURE (F)
 YESTERDAY
  MAXIMUM         63    401 PM  MM      MM  65     -2       60
  MINIMUM         42   1144 PM  MM      MM  39      3       42
  AVERAGE         53                        52      1       51

PRECIPITATION (IN)
  YESTERDAY        0.00         MM      MM   0.04  -0.04     0.07
  MONTH TO DATE    0.00                      0.20  -0.20     0.37
  SINCE OCT 1     11.15                     12.54  -1.39     9.29
  SINCE JAN 1      6.42                      6.34   0.08     7.01

SNOWFALL (IN)
  YESTERDAY       MM

DEGREE DAYS
 HEATING
  YESTERDAY       12                        13     -1       14
  MONTH TO DATE   42                        69    -27       35
  SINCE MAR 1   1113                      1353   -240     1277
  SINCE JUL 1   4931                      5924   -993     5956

 COOLING
  YESTERDAY        0                         0      0        0
  MONTH TO DATE    0                         0      0        0
  SINCE MAR 1      0                         0      0        0
  SINCE JAN 1      0                         0      0        0
..................................................................


WIND (MPH)
  HIGHEST WIND SPEED    24   HIGHEST WIND DIRECTION    SW (220)
  HIGHEST GUST SPEED    29   HIGHEST GUST DIRECTION     S (200)
  AVERAGE WIND SPEED    10.7


SKY COVER
  POSSIBLE SUNSHINE  MM
  AVERAGE SKY COVER 0.3


WEATHER CONDITIONS
 THE FOLLOWING WEATHER WAS RECORDED YESTERDAY.
  NO SIGNIFICANT WEATHER WAS OBSERVED.


RELATIVE HUMIDITY (PERCENT)
 HIGHEST    60           400 AM
 LOWEST     21           700 PM
 AVERAGE    41

..........................................................


THE SPOKANE WA FELTS AIRPORT CLIMATE NORMALS FOR TODAY
                         NORMAL    RECORD    YEAR
 MAXIMUM TEMPERATURE (F)   65        MM        MM
 MINIMUM TEMPERATURE (F)   39        MM        MM


SUNRISE AND SUNSET
MAY  6 2015...........SUNRISE   524 AM PDT   SUNSET   808 PM PDT
MAY  7 2015...........SUNRISE   523 AM PDT   SUNSET   810 PM PDT


-  INDICATES NEGATIVE NUMBERS.
R  INDICATES RECORD WAS SET OR TIED.
MM INDICATES DATA IS MISSING.
T  INDICATES TRACE AMOUNT.




$$
