000
CDUS45 KBYZ 050934
CLISHR


CLIMATE REPORT
NATIONAL WEATHER SERVICE BILLINGS MT
333 AM MDT TUE MAY 5 2015


...................................

...THE SHERIDAN WY CLIMATE SUMMARY FOR MAY 4 2015...

CLIMATE NORMAL PERIOD 1981 TO 2010
CLIMATE RECORD PERIOD 1907 TO 2015


WEATHER ITEM   OBSERVED TIME   RECORD YEAR NORMAL DEPARTURE LAST
                VALUE   (LST)  VALUE       VALUE  FROM      YEAR
                                                  NORMAL
..................................................................
TEMPERATURE (F)
 YESTERDAY
  MAXIMUM         72    303 PM  88    1936  63      9       61
  MINIMUM         43    135 AM  17    1967  35      8       35
  AVERAGE         58                        49      9       48

PRECIPITATION (IN)
  YESTERDAY        0.00          0.64        0.08  -0.08     0.00
  MONTH TO DATE    0.02                      0.30  -0.28     0.00
  SINCE OCT 1      5.97                      6.66  -0.69     8.84
  SINCE JAN 1      3.58                      3.98  -0.40     5.08

DEGREE DAYS
 HEATING
  YESTERDAY        7                        16     -9       17
  MONTH TO DATE   38                        66    -28       65
  SINCE MAR 1   1357                      1632   -275     1682
  SINCE JUL 1   6587                      7167   -580     7432

 COOLING
  YESTERDAY        0                         0      0        0
  MONTH TO DATE    0                         0      0        0
  SINCE MAR 1      0                         0      0        0
  SINCE JAN 1      0                         0      0        0
..................................................................


WIND (MPH)
  HIGHEST WIND SPEED    22   HIGHEST WIND DIRECTION     S (170)
  HIGHEST GUST SPEED    29   HIGHEST GUST DIRECTION    SE (150)
  AVERAGE WIND SPEED    12.8


SKY COVER
  POSSIBLE SUNSHINE  MM
  AVERAGE SKY COVER 0.2


WEATHER CONDITIONS
 THE FOLLOWING WEATHER WAS RECORDED YESTERDAY.
  THUNDERSTORM


RELATIVE HUMIDITY (PERCENT)
 HIGHEST    82          1200 AM
 LOWEST     35           200 PM
 AVERAGE    59

..........................................................


THE SHERIDAN WY CLIMATE NORMALS FOR TODAY
                         NORMAL    RECORD    YEAR
 MAXIMUM TEMPERATURE (F)   64        88      1934
 MINIMUM TEMPERATURE (F)   35        24      2006
                                             1996


SUNRISE AND SUNSET
MAY  5 2015...........SUNRISE   552 AM MDT   SUNSET   818 PM MDT
MAY  6 2015...........SUNRISE   551 AM MDT   SUNSET   819 PM MDT


-  INDICATES NEGATIVE NUMBERS.
R  INDICATES RECORD WAS SET OR TIED.
MM INDICATES DATA IS MISSING.
T  INDICATES TRACE AMOUNT.




$$
