000
CDUS44 KSHV 210745
CLISHV


CLIMATE REPORT
NATIONAL WEATHER SERVICE SHREVEPORT, LA
245 AM CDT TUE APR 21 2015


...................................

...THE SHREVEPORT CLIMATE SUMMARY FOR APRIL 20 2015...

CLIMATE NORMAL PERIOD 1981 TO 2010
CLIMATE RECORD PERIOD 1874 TO 2015


WEATHER ITEM   OBSERVED TIME   RECORD YEAR NORMAL DEPARTURE LAST
                VALUE   (LST)  VALUE       VALUE  FROM      YEAR
                                                  NORMAL
..................................................................
TEMPERATURE (F)
 YESTERDAY
  MAXIMUM         72    408 PM  94    1987  78     -6       83
  MINIMUM         53   1159 PM  38    2013  55     -2       55
  AVERAGE         63                        66     -3       69

PRECIPITATION (IN)
  YESTERDAY        0.00          2.98 1892   0.14  -0.14     0.00
  MONTH TO DATE    4.39                      2.76   1.63     3.89
  SINCE DEC 1     27.89                     20.62   7.27    16.33
  SINCE JAN 1     24.14                     15.85   8.29    11.35

SNOWFALL (IN)
  YESTERDAY        0.0
  MONTH TO DATE    0.0
  SINCE MAR 1      0.4
  SINCE JUL 1      4.5
  SNOW DEPTH       0

DEGREE DAYS
 HEATING
  YESTERDAY        2                         2      0        0
  MONTH TO DATE   22                        72    -50      102
  SINCE MAR 1    276                       323    -47      424
  SINCE JUL 1   2276                      2205     71     2535

 COOLING
  YESTERDAY        0                         3     -3        4
  MONTH TO DATE  103                        51     52       47
  SINCE MAR 1    129                        82     47       60
  SINCE JAN 1    129                        92     37       66
..................................................................


WIND (MPH)
  HIGHEST WIND SPEED    18   HIGHEST WIND DIRECTION    NW (320)
  HIGHEST GUST SPEED    24   HIGHEST GUST DIRECTION    NW (320)
  AVERAGE WIND SPEED     9.5


SKY COVER
  POSSIBLE SUNSHINE  MM
  AVERAGE SKY COVER 0.2


WEATHER CONDITIONS
 THE FOLLOWING WEATHER WAS RECORDED YESTERDAY.
  NO SIGNIFICANT WEATHER WAS OBSERVED.


RELATIVE HUMIDITY (PERCENT)
 HIGHEST    84          1200 AM
 LOWEST     29           300 PM
 AVERAGE    57

..........................................................


THE SHREVEPORT CLIMATE NORMALS FOR TODAY
                         NORMAL    RECORD    YEAR
 MAXIMUM TEMPERATURE (F)   78        91      1925
 MINIMUM TEMPERATURE (F)   55        40      1918


SUNRISE AND SUNSET
APRIL 21 2015.........SUNRISE   639 AM CDT   SUNSET   749 PM CDT
APRIL 22 2015.........SUNRISE   638 AM CDT   SUNSET   750 PM CDT


-  INDICATES NEGATIVE NUMBERS.
R  INDICATES RECORD WAS SET OR TIED.
MM INDICATES DATA IS MISSING.
T  INDICATES TRACE AMOUNT.




$$
