000
CDCA42 TJSJ 190454
CLISJU


CLIMATE REPORT
NATIONAL WEATHER SERVICE SAN JUAN, PR
1253 AM AST SUN APR 19 2015


...................................

...THE SAN JUAN AREA/PR CLIMATE SUMMARY FOR APRIL 18 2015...

CLIMATE NORMAL PERIOD 1981 TO 2010
CLIMATE RECORD PERIOD 1898 TO 2015


WEATHER ITEM   OBSERVED TIME   RECORD YEAR NORMAL DEPARTURE LAST
                VALUE   (LST)  VALUE       VALUE  FROM      YEAR
                                                  NORMAL
..................................................................
TEMPERATURE (F)
 YESTERDAY
  MAXIMUM         90    354 PM  92    2001  86      4       87
                                      1984
  MINIMUM         73    600 AM  68    1962  75     -2       76
  AVERAGE         82                        80      2       82

PRECIPITATION (IN)
  YESTERDAY        0.00          3.81 2005   0.17  -0.17     0.26
  MONTH TO DATE    1.38                      2.44  -1.06     2.58
  SINCE MAR 1      2.88                      4.39  -1.51     3.09
  SINCE JAN 1     11.11                     10.54   0.57     9.13

SNOWFALL (IN)
  YESTERDAY       MM                         0.0   MM        0.0
  MONTH TO DATE    0.0                       0.0    0.0      0.0
  SINCE MAR 1      0.0                       0.0    0.0      0.0
  SINCE JUL 1      0.0                       0.0    0.0      0.0

DEGREE DAYS
 HEATING
  YESTERDAY        0                         0      0        0
  MONTH TO DATE    0                         0      0        0
  SINCE MAR 1      0                         0      0        0
  SINCE JUL 1      0                         0      0        0

 COOLING
  YESTERDAY       17                        15      2       17
  MONTH TO DATE  270                       270      0      302
  SINCE MAR 1    702                       701      1      780
  SINCE JAN 1   1542                      1452     90     1668
..................................................................


WIND (MPH)
  HIGHEST WIND SPEED    20   HIGHEST WIND DIRECTION     E (90)
  HIGHEST GUST SPEED    23   HIGHEST GUST DIRECTION     E (90)
  AVERAGE WIND SPEED     5.8


SKY COVER
  AVERAGE SKY COVER 0.4


WEATHER CONDITIONS
 THE FOLLOWING WEATHER WAS RECORDED YESTERDAY.
  NO SIGNIFICANT WEATHER WAS OBSERVED.


RELATIVE HUMIDITY (PERCENT)
 HIGHEST    94
 LOWEST     50
 AVERAGE    72

..........................................................


THE SAN JUAN AREA/PR CLIMATE NORMALS FOR TODAY
                         NORMAL    RECORD    YEAR
 MAXIMUM TEMPERATURE (F)   86        92      2007
                                             1997
 MINIMUM TEMPERATURE (F)   75        66      1961


SUNRISE AND SUNSET
APRIL 19 2015.........SUNRISE   605 AM AST   SUNSET   642 PM AST
APRIL 20 2015.........SUNRISE   604 AM AST   SUNSET   642 PM AST


-  INDICATES NEGATIVE NUMBERS.
R  INDICATES RECORD WAS SET OR TIED.
MM INDICATES DATA IS MISSING.
T  INDICATES TRACE AMOUNT.




$$
