000
CDUS46 KPQR 270222
CLISLE


CLIMATE REPORT
NATIONAL WEATHER SERVICE PORTLAND OREGON
722 PM PDT SUN APR 26 2015


...................................

...THE SALEM OR CLIMATE SUMMARY FOR APRIL 26 2015...
VALID TODAY AS OF 0700 PM LOCAL TIME.

CLIMATE NORMAL PERIOD 1981 TO 2010
CLIMATE RECORD PERIOD 1892 TO 2015


WEATHER ITEM   OBSERVED TIME   RECORD YEAR NORMAL DEPARTURE LAST
                VALUE   (LST)  VALUE       VALUE  FROM      YEAR
                                                  NORMAL
..................................................................
TEMPERATURE (F)
 TODAY
  MAXIMUM         60    216 PM  87    1947  63     -3       57
  MINIMUM         40    442 AM  29    1984  41     -1       35
  AVERAGE         50                        52     -2       46

PRECIPITATION (IN)
  TODAY            T             0.81 1894   0.08  -0.08     0.14
  MONTH TO DATE    2.08                      2.52  -0.44     2.43
  SINCE OCT 1     31.40                     33.42  -2.02    23.60
  SINCE JAN 1     13.86                     17.03  -3.17    19.02

DEGREE DAYS
 HEATING
  TODAY           15                        13      2       19
  MONTH TO DATE  380                       389     -9      320
  SINCE MAR 1    792                       952   -160      806
  SINCE JUL 1   3262                      4192   -930     4092

 COOLING
  TODAY            0                         0      0        0
  MONTH TO DATE    0                         0      0        0
  SINCE MAR 1      0                         0      0        0
  SINCE JAN 1      0                         0      0        0
..................................................................


WIND (MPH)
  HIGHEST WIND SPEED    15   HIGHEST WIND DIRECTION     S (190)
  HIGHEST GUST SPEED    19   HIGHEST GUST DIRECTION     S (190)
  AVERAGE WIND SPEED     5.3


SKY COVER
  POSSIBLE SUNSHINE  MM
  AVERAGE SKY COVER 0.7


WEATHER CONDITIONS
 THE FOLLOWING WEATHER WAS RECORDED TODAY.
  LIGHT RAIN


RELATIVE HUMIDITY (PERCENT)
 HIGHEST    86           400 AM
 LOWEST     61          1100 AM
 AVERAGE    74

..........................................................


THE SALEM OR CLIMATE NORMALS FOR TOMORROW
                         NORMAL    RECORD    YEAR
 MAXIMUM TEMPERATURE (F)   63        91      1926
 MINIMUM TEMPERATURE (F)   41        28      1984
                                             1948


SUNRISE AND SUNSET
APRIL 26 2015.........SUNRISE   609 AM PDT   SUNSET   811 PM PDT
APRIL 27 2015.........SUNRISE   608 AM PDT   SUNSET   812 PM PDT


-  INDICATES NEGATIVE NUMBERS.
R  INDICATES RECORD WAS SET OR TIED.
MM INDICATES DATA IS MISSING.
T  INDICATES TRACE AMOUNT.




$$
