000
CDUS41 KBTV 280613
CLISLK


CLIMATE REPORT
NATIONAL WEATHER SERVICE BURLINGTON VT
212 AM EDT TUE APR 28 2015


...................................

...THE SARANAC LAKE NY CLIMATE SUMMARY FOR APRIL 27 2015...

CLIMATE NORMAL PERIOD 1981 TO 2010
CLIMATE RECORD PERIOD 9999 TO 9999


WEATHER ITEM   OBSERVED TIME   NORMAL DEPARTURE LAST
                VALUE   (LST)  VALUE  FROM      YEAR
                                      NORMAL
......................................................
TEMPERATURE (F)
 YESTERDAY
  MAXIMUM         45   1159 PM  56    -11       36
  MINIMUM         36    748 AM  30      6       35
  AVERAGE         41            43     -2       36

PRECIPITATION (IN)
  YESTERDAY        0.02          0.10  -0.08     0.00
  MONTH TO DATE    2.46          2.56  -0.10     2.64
  SINCE MAR 1      3.33          4.84  -1.51     4.27
  SINCE JAN 1      4.20          8.58  -4.38     6.89

DEGREE DAYS
 HEATING
  YESTERDAY       24            22      2       29
  MONTH TO DATE  751           746      5      748
  SINCE MAR 1   2159          2003    156     2300
  SINCE JUL 1   8942          8708    234     9284

 COOLING
  YESTERDAY        0             0      0        0
  MONTH TO DATE    0             0      0        0
  SINCE MAR 1      0             0      0        0
  SINCE JAN 1      0             0      0        0
......................................................


WIND (MPH)
  HIGHEST WIND SPEED    18   HIGHEST WIND DIRECTION    NE (30)
  HIGHEST GUST SPEED    24   HIGHEST GUST DIRECTION    NE (40)
  AVERAGE WIND SPEED     5.2


SKY COVER
  AVERAGE SKY COVER 1.0


WEATHER CONDITIONS
 THE FOLLOWING WEATHER WAS RECORDED YESTERDAY.
  LIGHT RAIN
  FOG
  HAZE


RELATIVE HUMIDITY (PERCENT)
 HIGHEST   100           200 AM
 LOWEST     79          1100 AM
 AVERAGE    90

..........................................................


THE SARANAC LAKE NY CLIMATE NORMALS FOR TODAY
                         NORMAL    RECORD    YEAR
 MAXIMUM TEMPERATURE (F)   57        79      2009
 MINIMUM TEMPERATURE (F)   30        17      2006


SUNRISE AND SUNSET
APRIL 28 2015.........SUNRISE   552 AM EDT   SUNSET   757 PM EDT
APRIL 29 2015.........SUNRISE   551 AM EDT   SUNSET   758 PM EDT


-  INDICATES NEGATIVE NUMBERS.
R  INDICATES RECORD WAS SET OR TIED.
MM INDICATES DATA IS MISSING.
T  INDICATES TRACE AMOUNT.




$$
