000
CDUS46 KSGX 250017
CLISNA


CLIMATE REPORT
NATIONAL WEATHER SERVICE SAN DIEGO, CA
517 PM PDT FRI APR 24 2015


...................................

...THE JOHN WAYNE AIRPORT CA CLIMATE SUMMARY FOR APRIL 24 2015...
VALID TODAY AS OF 0500 PM LOCAL TIME.

CLIMATE NORMAL PERIOD 1981 TO 2010
CLIMATE RECORD PERIOD 1999 TO 2015


WEATHER ITEM   OBSERVED TIME   RECORD YEAR NORMAL DEPARTURE LAST
                VALUE   (LST)  VALUE       VALUE  FROM      YEAR
                                                  NORMAL
..................................................................
TEMPERATURE (F)
 TODAY
  MAXIMUM         68    140 PM  91    2001  70     -2       76
  MINIMUM         57    919 AM  51    2008  55      2       57
                                      2006
  AVERAGE         63                        62      1       67

PRECIPITATION (IN)
  TODAY            0.02          0.31 2005   0.04  -0.02     0.00
  MONTH TO DATE    0.03                      0.72  -0.69     0.19
  SINCE OCT 1      5.77                     12.56  -6.79     3.39
  SINCE JAN 1      1.97                      8.48  -6.51     2.46

SNOWFALL (IN)
  TODAY            0.0
  MONTH TO DATE    0.0
  SINCE MAR 1      0.0
  SINCE JUL 1      0.0
  SNOW DEPTH       0

DEGREE DAYS
 HEATING
  TODAY            2                         3     -1        0
  MONTH TO DATE   44                       103    -59       37
  SINCE MAR 1     69                       284   -215      106
  SINCE JUL 1    294                      1190   -896      596

 COOLING
  TODAY            0                         1     -1        2
  MONTH TO DATE   15                         6      9       40
  SINCE MAR 1    120                        13    107       60
  SINCE JAN 1    192                        21    171       87
..................................................................


WIND (MPH)
  RESULTANT WIND SPEED   4   RESULTANT WIND DIRECTION   S (200)
  HIGHEST WIND SPEED    13   HIGHEST WIND DIRECTION    SW (220)
  HIGHEST GUST SPEED    17   HIGHEST GUST DIRECTION    SW (210)
  AVERAGE WIND SPEED     4.4


SKY COVER
  POSSIBLE SUNSHINE  MM
  AVERAGE SKY COVER 0.8


WEATHER CONDITIONS
 THE FOLLOWING WEATHER WAS RECORDED TODAY.
  LIGHT RAIN
  FOG
  HAZE


RELATIVE HUMIDITY (PERCENT)
 HIGHEST    86           900 AM
 LOWEST     52           200 PM
 AVERAGE    69

..........................................................


THE JOHN WAYNE AIRPORT CA CLIMATE NORMALS FOR TOMORROW
                         NORMAL    RECORD    YEAR
 MAXIMUM TEMPERATURE (F)   70        84      2008
                                             2004
 MINIMUM TEMPERATURE (F)   55        53      2010
                                             2008


SUNRISE AND SUNSET
APRIL 24 2015.........SUNRISE   611 AM PDT   SUNSET   729 PM PDT
APRIL 25 2015.........SUNRISE   609 AM PDT   SUNSET   730 PM PDT


-  INDICATES NEGATIVE NUMBERS.
R  INDICATES RECORD WAS SET OR TIED.
MM INDICATES DATA IS MISSING.
T  INDICATES TRACE AMOUNT.




$$
