000
CDAK48 PASN 270004
CLISNP

CLIMATE REPORT
NATIONAL WEATHER SERVICE ST PAUL, AK
404 PM AKDT SUN APR 26 2015

...................................
...THE ST PAUL AIRPORT CLIMATE SUMMARY FOR APRIL 26 2015...
VALID TODAY AS OF 2:00 PM LOCAL TIME

CLIMATE NORMAL PERIOD  1981 TO  2010
CLIMATE RECORD PERIOD  1892 TO  2015

WEATHER ITEM   OBSERVED TIME    RECORD YEAR NORMAL DEPARTURE LAST
               VALUE    (LST)   VALUE       VALUE  FROM      YEAR
                                                   NORMAL
...................................................................
TEMPERATURE
TODAY
 MAXIMUM            30  0159 PM    43  2004     36      -6     36
 MINIMUM            25  0701 AM    -2  1976     28      -3     30
 AVERAGE            28                          32      -4     33

PRECIPITATION
(INCHES)
 TODAY            0.00           0.44  1998   0.04   -0.04      T
 MONTH TO DATE    1.16                        0.94    0.22   0.85
 SINCE MAR 1      1.84                        2.01   -0.17   2.05
 SINCE JAN 1      4.16                        4.89   -0.73   6.38

SNOWFALL
(INCHES)
 TODAY             0.0            1.2  1964    0.1    -0.1      T
 MONTH TO DATE     9.0                         5.2     3.8    1.0
 SINCE MAR 1      18.4                        13.2     5.2    9.4
 SINCE JUL 1      48.1                        58.2   -10.1   43.7
 SNOW DEPTH (IN)     0                                          T

DEGREE DAYS
 HEATING
  TODAY             37                          33       4     32
  MONTH TO DATE    941                         941       0    815
  SINCE MAR 1     2116                        2178     -62   2061
  SINCE JUL 1     8073                        9097   -1024   8507

 COOLING
  TODAY              0                           0       0      0
  MONTH TO DATE      0                           0       0      0
  SINCE MAR 1        0                           0       0      0
  SINCE JAN 1        0                           0       0      0
...................................................................

WIND (MPH)
 HIGHEST WIND SPEED    22     HIGHEST WIND DIRECTION    340
 HIGHEST GUST SPEED    25     HIGHEST GUST DIRECTION    340
 AVERAGE WIND SPEED    MM

SKY COVER
  POSSIBLE SUNSHINE  MM            AVERAGE SKY COVER MM

WEATHER CONDITIONS
 THE FOLLOWING WEATHER WAS RECORDED TODAY.
FOG
DENSE FOG

RELATIVE HUMIDITY
 HIGHEST RH     MM PERCENT       MM
 LOWEST  RH     MM PERCENT       MM
 AVERAGE RH     MM PERCENT       MM
...................................................................

THE ST PAUL CLIMATE NORMALS FOR TOMORROW
                        NORMAL    RECORD   YEAR
 MAXIMUM TEMPERATURE      36        43     2004
 MINIMUM TEMPERATURE      28        -2     1976

SUNRISE AND SUNSET
 APR 26 2015..........SUNRISE  7:45 AM      SUNSET 10:55 PM
 APR 27 2015..........SUNRISE  7:42 AM      SUNSET 10:57 PM

-  INDICATES NEGATIVE NUMBERS.
R  INDICATES RECORD HAS BEEN SET OR TIED.
MM INDICATES DATA IS MISSING.
T  INDICATES TRACE OF PRECIPITATION.

&&
-------------------------------------------------------------------

AMOUNT OF DAYLIGHT TODAY  (HOUR:MIN)........15 HOURS 10 MINUTES
GAIN/LOSS SINCE YESTERDAY (HOUR:MIN:SEC)....+0:04:37

$$
WIW APR 15
