000
CDUS45 KPUB 031038
CLISPD


CLIMATE REPORT
NATIONAL WEATHER SERVICE PUEBLO
438 AM MDT SUN MAY 3 2015


...................................

...THE SPRINGFIELD CO CLIMATE SUMMARY FOR MAY 2 2015...

CLIMATE NORMAL PERIOD 1981 TO 2010
CLIMATE RECORD PERIOD 9999 TO 9999


WEATHER ITEM   OBSERVED TIME   NORMAL DEPARTURE LAST
                VALUE   (LST)  VALUE  FROM      YEAR
                                      NORMAL
......................................................
TEMPERATURE (F)
 YESTERDAY
  MAXIMUM         82    110 PM  72     10       74
  MINIMUM         48    509 AM  42      6       27
  AVERAGE         65                            51

PRECIPITATION (IN)
  YESTERDAY        0.00          0.06  -0.06     0.00
  MONTH TO DATE    0.00          0.11  -0.11     0.00
  SINCE MAR 1      1.23          2.51  -1.28     1.37
  SINCE JAN 1      3.07          3.32  -0.25     1.70

DEGREE DAYS
 HEATING
  YESTERDAY        0             9     -9       14
  MONTH TO DATE    2            18    -16       34
  SINCE MAR 1    992          1111   -119     1170
  SINCE JUL 1   4896          5117   -221     5167

 COOLING
  YESTERDAY        0             0      0        0
  MONTH TO DATE    0             0      0        0
  SINCE MAR 1      0             4     -4        6
  SINCE JAN 1      0             4     -4        6
......................................................


WIND (MPH)
  HIGHEST WIND SPEED    33   HIGHEST WIND DIRECTION     S (170)
  HIGHEST GUST SPEED    41   HIGHEST GUST DIRECTION     S (170)
  AVERAGE WIND SPEED    10.4


SKY COVER
  POSSIBLE SUNSHINE  MM



RELATIVE HUMIDITY (PERCENT)
 HIGHEST    80           500 AM
 LOWEST     23           400 PM
 AVERAGE    52

..........................................................


THE SPRINGFIELD CO CLIMATE NORMALS FOR TODAY
                         NORMAL    RECORD    YEAR
 MAXIMUM TEMPERATURE (F)   72        MM        MM
 MINIMUM TEMPERATURE (F)   42        MM        MM


SUNRISE AND SUNSET
MAY  3 2015...........SUNRISE   554 AM MDT   SUNSET   742 PM MDT
MAY  4 2015...........SUNRISE   553 AM MDT   SUNSET   742 PM MDT


-  INDICATES NEGATIVE NUMBERS.
R  INDICATES RECORD WAS SET OR TIED.
MM INDICATES DATA IS MISSING.
T  INDICATES TRACE AMOUNT.




$$
