000
CDUS43 KEAX 190632
CLISTJ


CLIMATE REPORT
NATIONAL WEATHER SERVICE KANSAS CITY/PLEASANT HILL MO
132 AM CDT SUN APR 19 2015


...................................

...THE ST. JOSEPH MO CLIMATE SUMMARY FOR APRIL 18 2015...

CLIMATE NORMAL PERIOD 1981 TO 2010
CLIMATE RECORD PERIOD 1892 TO 2015


WEATHER ITEM   OBSERVED TIME   RECORD YEAR NORMAL DEPARTURE LAST
                VALUE   (LST)  VALUE       VALUE  FROM      YEAR
                                                  NORMAL
..................................................................
TEMPERATURE (F)
 YESTERDAY
  MAXIMUM         64    450 PM  90    1972  67     -3       69
  MINIMUM         52   1055 PM  28    2014  43      9       28
  AVERAGE         58                        55      3       49

PRECIPITATION (IN)
  YESTERDAY        0.64          2.54 1920   0.13   0.51     0.00
  MONTH TO DATE    1.93                      1.91   0.02     2.04
  SINCE MAR 1      3.26                      4.16  -0.90     2.45
  SINCE JAN 1      5.01                      5.65  -0.64     3.27

DEGREE DAYS
 HEATING
  YESTERDAY        7                        11     -4       16
  MONTH TO DATE  148                       238    -90      303
  SINCE MAR 1    755                       923   -168     1129
  SINCE JUL 1   5279                      5231     48     6069

 COOLING
  YESTERDAY        0                         1     -1        0
  MONTH TO DATE    4                        11     -7        3
  SINCE MAR 1      5                        13     -8        3
  SINCE JAN 1      5                        13     -8        3
..................................................................


WIND (MPH)
  HIGHEST WIND SPEED    18   HIGHEST WIND DIRECTION     W (280)
  HIGHEST GUST SPEED    24   HIGHEST GUST DIRECTION     W (280)
  AVERAGE WIND SPEED     4.7


SKY COVER
  POSSIBLE SUNSHINE  MM
  AVERAGE SKY COVER 0.7


WEATHER CONDITIONS
 THE FOLLOWING WEATHER WAS RECORDED YESTERDAY.
  THUNDERSTORM
  HEAVY RAIN
  RAIN
  LIGHT RAIN
  FOG
  FOG W/VISIBILITY <= 1/4 MILE


RELATIVE HUMIDITY (PERCENT)
 HIGHEST   100          1100 PM
 LOWEST     73           100 AM
 AVERAGE    87

..........................................................


THE ST. JOSEPH MO CLIMATE NORMALS FOR TODAY
                         NORMAL    RECORD    YEAR
 MAXIMUM TEMPERATURE (F)   67        91      1987
 MINIMUM TEMPERATURE (F)   44        20      1976


SUNRISE AND SUNSET
APRIL 19 2015.........SUNRISE   637 AM CDT   SUNSET   802 PM CDT
APRIL 20 2015.........SUNRISE   635 AM CDT   SUNSET   803 PM CDT


-  INDICATES NEGATIVE NUMBERS.
R  INDICATES RECORD WAS SET OR TIED.
MM INDICATES DATA IS MISSING.
T  INDICATES TRACE AMOUNT.




$$
