000
CDUS44 KBMX 190712
CLITCL


CLIMATE REPORT
NATIONAL WEATHER SERVICE BIRMINGHAM, AL
212 AM CDT SUN APR 19 2015


...................................

...THE TUSCALOOSA CLIMATE SUMMARY FOR APRIL 18 2015...

CLIMATE NORMAL PERIOD 1994 TO 1994
CLIMATE RECORD PERIOD 1994 TO 2015


WEATHER ITEM   OBSERVED TIME   RECORD YEAR NORMAL DEPARTURE LAST
                VALUE   (LST)  VALUE       VALUE  FROM      YEAR
                                                  NORMAL
..................................................................
TEMPERATURE (F)
 YESTERDAY
  MAXIMUM         72    224 PM  92    2006  77     -5       61
  MINIMUM         60    450 AM  33    2001  51      9       55
  AVERAGE         66                        64      2       58

PRECIPITATION (IN)
  YESTERDAY        1.04          1.59 1988   0.15   0.89     0.20
  MONTH TO DATE    7.07                      2.60   4.47     6.50
  SINCE MAR 1     10.51                      7.14   3.37    11.78
  SINCE JAN 1     21.26                     17.81   3.45    19.50

SNOWFALL (IN)
  YESTERDAY        0.0                       0.0    0.0
  MONTH TO DATE    0.0                       0.0    0.0
  SINCE MAR 1      T                         0.3   -0.3
  SINCE JUL 1      T                         0.7   -0.7

DEGREE DAYS
 HEATING
  YESTERDAY        0                         3     -3
  MONTH TO DATE   21                        91    -70
  SINCE MAR 1    236                       385   -149
  SINCE JUL 1   2531                      2475     56
..................................................................


WIND (MPH)
  HIGHEST WIND SPEED    13   HIGHEST WIND DIRECTION    NE (50)
  HIGHEST GUST SPEED    15   HIGHEST GUST DIRECTION    NE (50)
  AVERAGE WIND SPEED     3.9


SKY COVER
  AVERAGE SKY COVER 0.9


WEATHER CONDITIONS
 THE FOLLOWING WEATHER WAS RECORDED YESTERDAY.
  HEAVY RAIN
  RAIN
  LIGHT RAIN
  FOG


RELATIVE HUMIDITY (PERCENT)
 HIGHEST    97           500 AM
 LOWEST     73           300 PM
 AVERAGE    85

..........................................................


THE TUSCALOOSA CLIMATE NORMALS FOR TODAY
                         NORMAL    RECORD    YEAR
 MAXIMUM TEMPERATURE (F)   77        90      2006
 MINIMUM TEMPERATURE (F)   51        33      1983


SUNRISE AND SUNSET
APRIL 19 2015.........SUNRISE   616 AM CDT   SUNSET   724 PM CDT
APRIL 20 2015.........SUNRISE   615 AM CDT   SUNSET   725 PM CDT


-  INDICATES NEGATIVE NUMBERS.
R  INDICATES RECORD WAS SET OR TIED.
MM INDICATES DATA IS MISSING.
T  INDICATES TRACE AMOUNT.




$$
