000
CDUS44 KMRX 252120
CLITRI

CLIMATE REPORT NATIONAL WEATHER SERVICE MORRISTOWN TN
520 PM EDT SAT APR 25 2015

...................................

...THE TRI-CITIES CLIMATE SUMMARY FOR APRIL 25 2015... VALID TODAY
AS OF 500 PM LOCAL TIME.

CLIMATE NORMAL PERIOD 1981 TO 2010
CLIMATE RECORD PERIOD 1934 TO 2015


WEATHER ITEM   OBSERVED TIME   RECORD YEAR NORMAL DEPARTURE LAST
                VALUE   (LST)  VALUE       VALUE  FROM      YEAR
                                                  NORMAL
..................................................................
TEMPERATURE (F)
 TODAY
  MAXIMUM         73    248 PM  87    1960  71      2       69
  MINIMUM         51    339 AM  31    1969  45      6       49
                                      1967
  AVERAGE         62                        58      4       59

PRECIPITATION (IN)
  TODAY            T             1.99 1975   0.12  -0.12     0.47
  MONTH TO DATE    4.84                      2.76   2.08     2.17
  SINCE MAR 1      8.74                      6.20   2.54     4.44
  SINCE JAN 1     14.07                     13.02   1.05     9.50

SNOWFALL (IN)
  TODAY            0.0                       0.0    0.0      0.0
  MONTH TO DATE    0.0                       1.0   -1.0       T
  SINCE MAR 1      T                         2.4   -2.4      0.7
  SINCE JUL 1     15.5                      13.2    2.3     13.0
  SNOW DEPTH       0

DEGREE DAYS
 HEATING
  TODAY            3                         8     -5        6
  MONTH TO DATE  155                       270   -115      212
  SINCE MAR 1    658                       838   -180      828
  SINCE JUL 1   4285                      4220     65     4323

 COOLING
  TODAY            0                         1     -1        0
  MONTH TO DATE   10                         4      6        6
  SINCE MAR 1     10                         5      5        6
  SINCE JAN 1     10                         5      5        6
..................................................................


WIND (MPH)
  HIGHEST WIND SPEED    12   HIGHEST WIND DIRECTION    SE (130)
  HIGHEST GUST SPEED    15   HIGHEST GUST DIRECTION    SE (140)
  AVERAGE WIND SPEED     2.1


SKY COVER
  POSSIBLE SUNSHINE  MM
  AVERAGE SKY COVER 1.0


WEATHER CONDITIONS
 THE FOLLOWING WEATHER WAS RECORDED TODAY.
  LIGHT RAIN


RELATIVE HUMIDITY (PERCENT)
 HIGHEST    71           100 AM
 LOWEST     52           100 PM
 AVERAGE    62

..........................................................


THE TRI-CITIES      ASOS CLIMATE NORMALS FOR TOMORROW
                         NORMAL    RECORD    YEAR
 MAXIMUM TEMPERATURE (F)   71        88      1986
                                             1960
                                             1948
 MINIMUM TEMPERATURE (F)   45        31      1972


SUNRISE AND SUNSET
APRIL 25 2015.........SUNRISE   643 AM EDT   SUNSET   812 PM EDT
APRIL 26 2015.........SUNRISE   642 AM EDT   SUNSET   813 PM EDT


-  INDICATES NEGATIVE NUMBERS.
R  INDICATES RECORD WAS SET OR TIED.
MM INDICATES DATA IS MISSING.
T  INDICATES TRACE AMOUNT.




$$
