000
CDUS44 KMEG 190621
CLITUP


CLIMATE REPORT
NATIONAL WEATHER SERVICE MEMPHIS TN
121 AM CDT SUN APR 19 2015


...................................

...THE TUPELO CLIMATE SUMMARY FOR APRIL 18 2015...

CLIMATE NORMAL PERIOD 1981 TO 2010
CLIMATE RECORD PERIOD 1930 TO 2015


WEATHER ITEM   OBSERVED TIME   RECORD YEAR NORMAL DEPARTURE LAST
                VALUE   (LST)  VALUE       VALUE  FROM      YEAR
                                                  NORMAL
..................................................................
TEMPERATURE (F)
 YESTERDAY
  MAXIMUM         70    418 PM  93    2006  75     -5       65
  MINIMUM         60    123 AM  33    1997  51      9       52
  AVERAGE         65                        63      2       59

PRECIPITATION (IN)
  YESTERDAY        0.09          2.48 1940   0.16  -0.07     0.00
  MONTH TO DATE    4.72                      2.76   1.96     4.86
  SINCE MAR 1     11.14                      7.58   3.56     7.94
  SINCE JAN 1     20.30                     17.02   3.28    14.03

SNOWFALL (IN)
  YESTERDAY        0.0          MM      MM   0.0    0.0      0.0
  MONTH TO DATE    0.0                       0.0    0.0      0.0
  SINCE MAR 1      0.1                       0.3   -0.2       T
  SINCE JUL 1      7.4                       2.1    5.3      0.5
  SNOW DEPTH       0

DEGREE DAYS
 HEATING
  YESTERDAY        0                         4     -4        6
  MONTH TO DATE   39                       109    -70      133
  SINCE MAR 1    372                       464    -92      593
  SINCE JUL 1   3090                      2895    195     3423

 COOLING
  YESTERDAY        0                         2     -2        0
  MONTH TO DATE   65                        27     38       21
  SINCE MAR 1     68                        41     27       21
  SINCE JAN 1     68                        43     25       21
..................................................................


WIND (MPH)
  HIGHEST WIND SPEED    10   HIGHEST WIND DIRECTION    SE (120)
  HIGHEST GUST SPEED    14   HIGHEST GUST DIRECTION    SE (120)
  AVERAGE WIND SPEED     4.5


SKY COVER
  POSSIBLE SUNSHINE  MM
  AVERAGE SKY COVER 0.9


WEATHER CONDITIONS
 THE FOLLOWING WEATHER WAS RECORDED YESTERDAY.
  RAIN
  LIGHT RAIN
  FOG


RELATIVE HUMIDITY (PERCENT)
 HIGHEST    97          1200 AM
 LOWEST     73           100 PM
 AVERAGE    85

..........................................................


THE TUPELO CLIMATE NORMALS FOR TODAY
                         NORMAL    RECORD    YEAR
 MAXIMUM TEMPERATURE (F)   75        91      2006
 MINIMUM TEMPERATURE (F)   51        29      1983


SUNRISE AND SUNSET
APRIL 19 2015.........SUNRISE   619 AM CDT   SUNSET   730 PM CDT
APRIL 20 2015.........SUNRISE   618 AM CDT   SUNSET   730 PM CDT


-  INDICATES NEGATIVE NUMBERS.
R  INDICATES RECORD WAS SET OR TIED.
MM INDICATES DATA IS MISSING.
T  INDICATES TRACE AMOUNT.




$$
