000
CDUS43 KLOT 020647
CLIUGN


CLIMATE REPORT
NATIONAL WEATHER SERVICE CHICAGO IL
147 AM CDT THU APR 2 2015


...................................

...THE WAUKEGAN   CLIMATE SUMMARY FOR APRIL 1 2015...

CLIMATE NORMAL PERIOD 1981 TO 2010
CLIMATE RECORD PERIOD 2000 TO 2015


WEATHER ITEM   OBSERVED TIME   RECORD YEAR NORMAL DEPARTURE LAST
                VALUE   (LST)  VALUE       VALUE  FROM      YEAR
                                                  NORMAL
..................................................................
TEMPERATURE (F)
 YESTERDAY
  MAXIMUM         66    703 PM  84    2010  50     16       55
  MINIMUM         28    539 AM  21    2002  31     -3       30
  AVERAGE         47

PRECIPITATION (IN)
  YESTERDAY        0.00          0.16 2007   0.09  -0.09     0.00
  MONTH TO DATE    0.00                      0.09  -0.09     0.00
  SINCE MAR 1      0.64                      2.41  -1.77     0.76
  SINCE JAN 1      1.18                      5.46  -4.28     2.78

DEGREE DAYS
 HEATING
  YESTERDAY       18                        25     -7       22
  MONTH TO DATE   18                        25     -7       22
  SINCE MAR 1   1024                       949     75     1161
  SINCE JUL 1   6549                      5895    654     7030

 COOLING
  YESTERDAY        0                         0      0        0
  MONTH TO DATE    0                         0      0        0
  SINCE MAR 1      0                         0      0        0
  SINCE JAN 1      0                         0      0        0
..................................................................


WIND (MPH)
  RESULTANT WIND SPEED   7   RESULTANT WIND DIRECTION  SE (150)
  HIGHEST WIND SPEED    22   HIGHEST WIND DIRECTION     S (180)
  HIGHEST GUST SPEED    30   HIGHEST GUST DIRECTION     S (180)
  AVERAGE WIND SPEED     9.9


SKY COVER
  POSSIBLE SUNSHINE  MM
  AVERAGE SKY COVER 0.0


WEATHER CONDITIONS
 THE FOLLOWING WEATHER WAS RECORDED YESTERDAY.
  FOG


RELATIVE HUMIDITY (PERCENT)
 HIGHEST   100
 LOWEST     34
 AVERAGE    67

..........................................................


THE WAUKEGAN   CLIMATE NORMALS FOR TODAY
                         NORMAL    RECORD    YEAR
 MAXIMUM TEMPERATURE (F)   50        81      2010
 MINIMUM TEMPERATURE (F)   32        23      2014
                                             2013


SUNRISE AND SUNSET
APRIL  2 2015.........SUNRISE   633 AM CDT   SUNSET   718 PM CDT
APRIL  3 2015.........SUNRISE   631 AM CDT   SUNSET   719 PM CDT


-  INDICATES NEGATIVE NUMBERS.
R  INDICATES RECORD WAS SET OR TIED.
MM INDICATES DATA IS MISSING.
T  INDICATES TRACE AMOUNT.




$$
