000
CDUS43 KLOT 060645
CLIUGN


CLIMATE REPORT
NATIONAL WEATHER SERVICE CHICAGO IL
145 AM CDT WED MAY 6 2015


...................................

...THE WAUKEGAN   CLIMATE SUMMARY FOR MAY 5 2015...

CLIMATE NORMAL PERIOD 1981 TO 2010
CLIMATE RECORD PERIOD 2000 TO 2015


WEATHER ITEM   OBSERVED TIME   RECORD YEAR NORMAL DEPARTURE LAST
                VALUE   (LST)  VALUE       VALUE  FROM      YEAR
                                                  NORMAL
..................................................................
TEMPERATURE (F)
 YESTERDAY
  MAXIMUM         52    128 AM  82    2000  63    -11       49
  MINIMUM         45   1101 PM  33    2001  43      2       39
  AVERAGE         49

PRECIPITATION (IN)
  YESTERDAY        0.50R         0.07 2010   0.12   0.38      T
  MONTH TO DATE    0.73                      0.63   0.10     0.07
  SINCE MAR 1      5.61                      6.43  -0.82     3.85
  SINCE JAN 1      6.15                      9.48  -3.33     5.87

DEGREE DAYS
 HEATING
  YESTERDAY       16                        13      3       21
  MONTH TO DATE   45                        66    -21       88
  SINCE MAR 1   1629                      1562     67     1860
  SINCE JUL 1   7154                      6508    646     7729

 COOLING
  YESTERDAY        0                         0      0        0
  MONTH TO DATE    1                         0      1        0
  SINCE MAR 1      1                         4     -3        0
  SINCE JAN 1      1                         4     -3        0
..................................................................


WIND (MPH)
  RESULTANT WIND SPEED   7   RESULTANT WIND DIRECTION  NE (30)
  HIGHEST WIND SPEED    17   HIGHEST WIND DIRECTION    NE (60)
  HIGHEST GUST SPEED    21   HIGHEST GUST DIRECTION    NE (60)
  AVERAGE WIND SPEED     7.4


SKY COVER
  POSSIBLE SUNSHINE  MM
  AVERAGE SKY COVER 1.0


WEATHER CONDITIONS
 THE FOLLOWING WEATHER WAS RECORDED YESTERDAY.
  RAIN
  LIGHT RAIN
  FOG


RELATIVE HUMIDITY (PERCENT)
 HIGHEST   100
 LOWEST     59
 AVERAGE    80

..........................................................


THE WAUKEGAN   CLIMATE NORMALS FOR TODAY
                         NORMAL    RECORD    YEAR
 MAXIMUM TEMPERATURE (F)   63        85      2000
 MINIMUM TEMPERATURE (F)   43        34      2006


SUNRISE AND SUNSET
MAY  6 2015...........SUNRISE   540 AM CDT   SUNSET   756 PM CDT
MAY  7 2015...........SUNRISE   539 AM CDT   SUNSET   758 PM CDT


-  INDICATES NEGATIVE NUMBERS.
R  INDICATES RECORD WAS SET OR TIED.
MM INDICATES DATA IS MISSING.
T  INDICATES TRACE AMOUNT.




$$
