000
CDUS46 KSEW 070829
CLIUIL


CLIMATE REPORT
NATIONAL WEATHER SERVICE SEATTLE WA
129 AM PDT THU MAY 7 2015


...................................

...THE QUILLAYUTE WA AIRPORT CLIMATE SUMMARY FOR MAY 6 2015...

CLIMATE NORMAL PERIOD 1981 TO 2010
CLIMATE RECORD PERIOD 1966 TO 2015


WEATHER ITEM   OBSERVED TIME   RECORD YEAR NORMAL DEPARTURE LAST
                VALUE   (LST)  VALUE       VALUE  FROM      YEAR
                                                  NORMAL
..................................................................
TEMPERATURE (F)
 YESTERDAY
  MAXIMUM         60    129 PM  86    1987  58      2       57
  MINIMUM         34    417 AM  31    2001  41     -7       40
  AVERAGE         47                        50     -3       49

PRECIPITATION (IN)
  YESTERDAY        0.00          1.33 1991   0.20  -0.20     0.00
  MONTH TO DATE    0.42                      1.16  -0.74     1.95
  SINCE OCT 1     85.90                     83.80   2.10    67.46
  SINCE JAN 1     41.15                     44.80  -3.65    50.23

DEGREE DAYS
 HEATING
  YESTERDAY       18                        15      3       16
  MONTH TO DATE   96                        95      1       66
  SINCE MAR 1   1155                      1292   -137     1154
  SINCE JUL 1   4065                      5137  -1072     4348

 COOLING
  YESTERDAY        0                         0      0        0
  MONTH TO DATE    0                         0      0        2
  SINCE MAR 1      0                         0      0        4
  SINCE JAN 1      0                         0      0        4
..................................................................


WIND (MPH)
  RESULTANT WIND SPEED   3   RESULTANT WIND DIRECTION  NW (300)
  HIGHEST WIND SPEED    15   HIGHEST WIND DIRECTION    NW (300)
  HIGHEST GUST SPEED    20   HIGHEST GUST DIRECTION     W (280)
  AVERAGE WIND SPEED     5.3


SKY COVER
  AVERAGE SKY COVER 0.3


WEATHER CONDITIONS
 THE FOLLOWING WEATHER WAS RECORDED YESTERDAY.
  NO SIGNIFICANT WEATHER WAS OBSERVED.


RELATIVE HUMIDITY (PERCENT)
 HIGHEST   100           100 AM
 LOWEST     62           300 PM
 AVERAGE    81

..........................................................


THE QUILLAYUTE WA AIRPORT CLIMATE NORMALS FOR TODAY
                         NORMAL    RECORD    YEAR
 MAXIMUM TEMPERATURE (F)   58        92      1987
 MINIMUM TEMPERATURE (F)   41        30      2010
                                             2000


SUNRISE AND SUNSET
MAY  7 2015...........SUNRISE   551 AM PDT   SUNSET   839 PM PDT
MAY  8 2015...........SUNRISE   549 AM PDT   SUNSET   841 PM PDT


-  INDICATES NEGATIVE NUMBERS.
R  INDICATES RECORD WAS SET OR TIED.
MM INDICATES DATA IS MISSING.
T  INDICATES TRACE AMOUNT.




$$
