000
CDUS44 KCRP 280856 RRA
CLIVCT

CLIMATE REPORT NATIONAL WEATHER SERVICE CORPUS CHRISTI TX

351 AM CDT TUE APR 28 2015


...................................

...THE VICTORIA CLIMATE SUMMARY FOR APRIL 27 2015...

CLIMATE NORMAL PERIOD 1981 TO 2010
CLIMATE RECORD PERIOD 1893 TO 2015


WEATHER ITEM   OBSERVED TIME   RECORD YEAR NORMAL DEPARTURE LAST
                VALUE   (LST)  VALUE       VALUE  FROM      YEAR
                                                  NORMAL
..................................................................
TEMPERATURE (F)
 YESTERDAY
  MAXIMUM         87    245 PM  97    2011  83      4       94
                                      1933
  MINIMUM         68    704 AM  48    1908  63      5       73
  AVERAGE         78                        73      5       84

PRECIPITATION (IN)
  YESTERDAY        0.00          2.05 1957   0.11  -0.11     0.00
  MONTH TO DATE    6.81                      2.46   4.35     0.38
  SINCE MAR 1     15.18                      5.23   9.95     2.00
  SINCE JAN 1     19.23                      9.83   9.40     3.66

SNOWFALL (IN)
  YESTERDAY        0.0
  MONTH TO DATE    0.0
  SINCE MAR 1      0.0
  SINCE JUL 1      0.0
  SNOW DEPTH       0

DEGREE DAYS
 HEATING
  YESTERDAY        0                         0      0        0
  MONTH TO DATE    0                        29    -29       32
  SINCE MAR 1    139                       154    -15      237
  SINCE JUL 1   1219                      1247    -28     1490

 COOLING
  YESTERDAY       13                         8      5       19
  MONTH TO DATE  230                       152     78      173
  SINCE MAR 1    290                       226     64      225
  SINCE JAN 1    305                       264     41      283
..................................................................


WIND (MPH)
  HIGHEST WIND SPEED    23   HIGHEST WIND DIRECTION     N (340)
  HIGHEST GUST SPEED    29   HIGHEST GUST DIRECTION     N (350)
  AVERAGE WIND SPEED     7.6


SKY COVER
  POSSIBLE SUNSHINE  MM
  AVERAGE SKY COVER 0.6


WEATHER CONDITIONS
 THE FOLLOWING WEATHER WAS RECORDED YESTERDAY.
  FOG


RELATIVE HUMIDITY (PERCENT)
 HIGHEST   100          1200 AM
 LOWEST     70           100 PM
 AVERAGE    85

..........................................................


THE VICTORIA CLIMATE NORMALS FOR TODAY
                         NORMAL    RECORD    YEAR
 MAXIMUM TEMPERATURE (F)   83        98      2014
 MINIMUM TEMPERATURE (F)   63        49      1928
                                             1920


SUNRISE AND SUNSET
APRIL 28 2015.........SUNRISE   649 AM CDT   SUNSET   801 PM CDT
APRIL 29 2015.........SUNRISE   648 AM CDT   SUNSET   802 PM CDT


-  INDICATES NEGATIVE NUMBERS.
R  INDICATES RECORD WAS SET OR TIED.
MM INDICATES DATA IS MISSING.
T  INDICATES TRACE AMOUNT.




$$
