000
CDUS43 KLOT 250633
CLIVPZ


CLIMATE REPORT
NATIONAL WEATHER SERVICE CHICAGO IL
132 AM CDT SAT APR 25 2015


...................................

...THE VALPARAISO CLIMATE SUMMARY FOR APRIL 24 2015...

CLIMATE NORMAL PERIOD 1981 TO 2010
CLIMATE RECORD PERIOD 1998 TO 2015


WEATHER ITEM   OBSERVED TIME   RECORD YEAR NORMAL DEPARTURE LAST
                VALUE   (LST)  VALUE       VALUE  FROM      YEAR
                                                  NORMAL
..................................................................
TEMPERATURE (F)
 YESTERDAY
  MAXIMUM         63    239 PM  84    2009  63      0       62
                                      1960
                                      1915
  MINIMUM         27R   512 AM  32    2005  41    -14       42
  AVERAGE         45                        52     -7       52

PRECIPITATION (IN)
  YESTERDAY        0.17          0.84 2010   0.10   0.07      T
  MONTH TO DATE    1.59                      2.65  -1.06     1.90
  SINCE MAR 1      2.21                      5.13  -2.92     2.69
  SINCE JAN 1      3.82                      8.30  -4.48     5.32

DEGREE DAYS
 HEATING
  YESTERDAY       20                        13      7       13
  MONTH TO DATE  324                       410    -86      443
  SINCE MAR 1   1287                      1255     32     1443
  SINCE JUL 1   6545                      5987    558     6892

 COOLING
  YESTERDAY        0                         0      0        0
  MONTH TO DATE    0                         0      0        0
  SINCE MAR 1      0                         0      0        0
  SINCE JAN 1      0                         0      0        0
..................................................................


WIND (MPH)
  RESULTANT WIND SPEED   3   RESULTANT WIND DIRECTION   E (80)
  HIGHEST WIND SPEED    17   HIGHEST WIND DIRECTION    SE (120)
  HIGHEST GUST SPEED    23   HIGHEST GUST DIRECTION    SE (120)
  AVERAGE WIND SPEED     5.6



WEATHER CONDITIONS
 THE FOLLOWING WEATHER WAS RECORDED YESTERDAY.
  RAIN
  LIGHT RAIN


..........................................................


THE VALPARAISO CLIMATE NORMALS FOR TODAY
                         NORMAL    RECORD    YEAR
 MAXIMUM TEMPERATURE (F)   64        82      2008
 MINIMUM TEMPERATURE (F)   42        33      2005
                                             1999


SUNRISE AND SUNSET
APRIL 25 2015.........SUNRISE   554 AM CDT   SUNSET   739 PM CDT
APRIL 26 2015.........SUNRISE   552 AM CDT   SUNSET   740 PM CDT


-  INDICATES NEGATIVE NUMBERS.
R  INDICATES RECORD WAS SET OR TIED.
MM INDICATES DATA IS MISSING.
T  INDICATES TRACE AMOUNT.




$$
