000
CDUS46 KPQR 031141
CLIVUO


CLIMATE REPORT
NATIONAL WEATHER SERVICE PORTLAND OREGON
440 AM PDT SUN MAY 3 2015


...................................

...THE VANCOUVER WA CLIMATE SUMMARY FOR MAY 2 2015...

CLIMATE NORMAL PERIOD 1981 TO 2010
CLIMATE RECORD PERIOD 1891 TO 2015


WEATHER ITEM   OBSERVED TIME   RECORD YEAR NORMAL DEPARTURE LAST
                VALUE   (LST)  VALUE       VALUE  FROM      YEAR
                                                  NORMAL
..................................................................
TEMPERATURE (F)
 YESTERDAY
  MAXIMUM         70    400 PM  90    1945  65      5       75
  MINIMUM         48    454 AM  32    1968  45      3       49
  AVERAGE         59                        55      4       62

PRECIPITATION (IN)
  YESTERDAY        0.00                      0.09  -0.09      T
  MONTH TO DATE    0.00                      0.18  -0.18      T
  SINCE OCT 1     28.88                     32.04  -3.16    22.02
  SINCE JAN 1     13.99                     16.29  -2.30    16.55

DEGREE DAYS
 HEATING
  YESTERDAY        6                                         3
  MONTH TO DATE   10                                         3
  SINCE JUL 1   3500                                      4349

 COOLING
  YESTERDAY        0                                         0
  MONTH TO DATE    0                                         3
  SINCE JAN 1      0                                         3
..................................................................


WIND (MPH)
  HIGHEST WIND SPEED    16   HIGHEST WIND DIRECTION    NW (310)
  HIGHEST GUST SPEED    23   HIGHEST GUST DIRECTION    NW (310)
  AVERAGE WIND SPEED     6.4


SKY COVER
  POSSIBLE SUNSHINE  MM
  AVERAGE SKY COVER 0.3


WEATHER CONDITIONS
 THE FOLLOWING WEATHER WAS RECORDED YESTERDAY.
  NO SIGNIFICANT WEATHER WAS OBSERVED.


RELATIVE HUMIDITY (PERCENT)
 HIGHEST    77           200 AM
 LOWEST     26           500 PM
 AVERAGE    52

..........................................................




SUNRISE AND SUNSET
MAY  3 2015...........SUNRISE   556 AM PDT   SUNSET   820 PM PDT
MAY  4 2015...........SUNRISE   554 AM PDT   SUNSET   821 PM PDT


-  INDICATES NEGATIVE NUMBERS.
R  INDICATES RECORD WAS SET OR TIED.
MM INDICATES DATA IS MISSING.
T  INDICATES TRACE AMOUNT.




$$
