000
CDUS46 KLOX 070902
CLIWJF


CLIMATE REPORT
NATIONAL WEATHER SERVICE LOS ANGELES/OXNARD CA
201 AM PDT THU MAY 7 2015


...................................

...THE LANCASTER FOX FIELD CA CLIMATE SUMMARY FOR MAY 6 2015...

CLIMATE NORMAL PERIOD 1981 TO 2010
CLIMATE RECORD PERIOD 1948 TO 2015


WEATHER ITEM   OBSERVED TIME   RECORD YEAR NORMAL DEPARTURE
                VALUE   (LST)  VALUE       VALUE  FROM
                                                  NORMAL
...............................................................
TEMPERATURE (F)
 YESTERDAY
  MAXIMUM         68    137 PM  95    1990  79    -11
  MINIMUM         50   1159 PM  33    1978  51     -1
  AVERAGE         59                        65     -6

PRECIPITATION (IN)
  YESTERDAY        0.00          0.17 1964   0.01  -0.01
  MONTH TO DATE    0.00                      0.03  -0.03
  SINCE OCT 1      4.33                      6.93  -2.60
  SINCE JAN 1      1.41                      4.80  -3.39

SNOWFALL (IN)
  YESTERDAY        0.0           0.0    MM
  MONTH TO DATE    0.0
  SINCE MAR 1      0.0
  SINCE JUL 1      0.0
  SNOW DEPTH       0

DEGREE DAYS
 HEATING
  YESTERDAY        6                                3
  MONTH TO DATE   10                              -10
  SINCE MAR 1    412                             -183
  SINCE JUL 1   2281                             -607

 COOLING
  YESTERDAY        0                               -3
  MONTH TO DATE   11                               -6
  SINCE MAR 1     39                               -8
  SINCE JAN 1     39                               -8
...............................................................


WIND (MPH)
  HIGHEST WIND SPEED    35   HIGHEST WIND DIRECTION    SW (220)
  HIGHEST GUST SPEED    44   HIGHEST GUST DIRECTION    SW (220)
  AVERAGE WIND SPEED    23.2




RELATIVE HUMIDITY (PERCENT)
 HIGHEST    74
 LOWEST     40
 AVERAGE    57

..........................................................


THE LANCASTER FOX FIELD CA CLIMATE NORMALS FOR TODAY
                         NORMAL    RECORD    YEAR
 MAXIMUM TEMPERATURE (F)   80        96      2001
 MINIMUM TEMPERATURE (F)   52        38      1983


SUNRISE AND SUNSET
MAY  7 2015...........SUNRISE   557 AM PDT   SUNSET   743 PM PDT
MAY  8 2015...........SUNRISE   556 AM PDT   SUNSET   743 PM PDT


-  INDICATES NEGATIVE NUMBERS.
R  INDICATES RECORD WAS SET OR TIED.
MM INDICATES DATA IS MISSING.
T  INDICATES TRACE AMOUNT.




$$
