000
CDUS45 KLKN 270030
CLIWMC


CLIMATE REPORT
NATIONAL WEATHER SERVICE ELKO NV
529 PM PDT SUN APR 26 2015


...................................

...THE WINNEMUCCA AIRPORT NV CLIMATE SUMMARY FOR APRIL 26 2015...
VALID TODAY AS OF 0500 PM LOCAL TIME.

CLIMATE NORMAL PERIOD 1981 TO 2010
CLIMATE RECORD PERIOD 1877 TO 2015


WEATHER ITEM   OBSERVED TIME   RECORD YEAR NORMAL DEPARTURE LAST
                VALUE   (LST)  VALUE       VALUE  FROM      YEAR
                                                  NORMAL
..................................................................
TEMPERATURE (F)
 TODAY
  MAXIMUM         55    359 PM  86    1987  66    -11       54
  MINIMUM         33    552 AM  13    1985  33      0       32
  AVERAGE         44                        49     -5       43

PRECIPITATION (IN)
  TODAY            0.00          0.68 1970   0.04  -0.04      T
  MONTH TO DATE    1.83                      0.76   1.07     0.46
  SINCE OCT 1      5.74                      5.60   0.14     5.84
  SINCE JAN 1      3.17                      3.12   0.05     3.18

SNOWFALL (IN)
  TODAY            0.0           6.5  1970   0.1   -0.1       T
  MONTH TO DATE    2.4                       1.5    0.9      1.2
  SINCE MAR 1      2.4                       4.7   -2.3      1.9
  SINCE JUL 1      5.3                      20.7  -15.4     23.4
  SNOW DEPTH       0

DEGREE DAYS
 HEATING
  TODAY           21                        16      5       22
  MONTH TO DATE  539                       491     48      448
  SINCE MAR 1   1136                      1230    -94     1151
  SINCE JUL 1   4918                      5819   -901     5810

 COOLING
  TODAY            0                         0      0        0
  MONTH TO DATE    0                         0      0        0
  SINCE MAR 1      0                         0      0        0
  SINCE JAN 1      0                         0      0        0
..................................................................


WIND (MPH)
  HIGHEST WIND SPEED    16   HIGHEST WIND DIRECTION     N (360)
  HIGHEST GUST SPEED    23   HIGHEST GUST DIRECTION     N (350)



WEATHER CONDITIONS
 THE FOLLOWING WEATHER WAS RECORDED TODAY.
  NO SIGNIFICANT WEATHER WAS OBSERVED.


RELATIVE HUMIDITY (PERCENT)
 HIGHEST   100           100 AM
 LOWEST     32           400 PM
 AVERAGE    66

..........................................................


THE WINNEMUCCA AIRPORT NV CLIMATE NORMALS FOR TOMORROW
                         NORMAL    RECORD    YEAR
 MAXIMUM TEMPERATURE (F)   66        88      1987
 MINIMUM TEMPERATURE (F)   33        13      1955


SUNRISE AND SUNSET
APRIL 26 2015.........SUNRISE   556 AM PDT   SUNSET   742 PM PDT
APRIL 27 2015.........SUNRISE   555 AM PDT   SUNSET   743 PM PDT


-  INDICATES NEGATIVE NUMBERS.
R  INDICATES RECORD WAS SET OR TIED.
MM INDICATES DATA IS MISSING.
T  INDICATES TRACE AMOUNT.




$$
