000
CXUS54 KLUB 011544
CLMCDS


CLIMATE REPORT
NATIONAL WEATHER SERVICE LUBBOCK, TX
1043 AM CDT WED APR 1 2015

...................................

...THE CHILDRESS CLIMATE SUMMARY FOR THE MONTH OF MARCH 2015...

CLIMATE NORMAL PERIOD 1981 TO 2010
CLIMATE RECORD PERIOD 1893 TO 2015

WEATHER         OBSERVED          NORMAL  DEPART  LAST YEAR`S
                 VALUE   DATE(S)  VALUE   FROM    VALUE  DATE(S)
                                          NORMAL
................................................................
TEMPERATURE (F)
RECORD
 HIGH             100   03/12/1989
                        03/27/1971
                        03/20/1907
 LOW                2   03/11/1948
HIGHEST            92   03/31                         87  03/31
LOWEST             12   03/05                          9  03/03
AVG. MAXIMUM     68.9              67.3     1.6     65.5
AVG. MINIMUM     40.2              39.7     0.5     35.3
MEAN             54.6              53.5     1.1     50.4

PRECIPITATION (INCHES)
RECORD
 MAXIMUM           MM   MM
 MINIMUM           MM   MM
TOTALS           0.14              1.53   -1.39     0.46
DAILY AVG.       0.00              0.05   -0.05
DAYS >= .01         5                                  3
DAYS >= .10         0                                  2
DAYS >= .50         0                                  0
DAYS >= 1.00        0                                  0
GREATEST
 24 HR. TOTAL    0.09   03/04 TO 03/05

SNOWFALL (INCHES)
RECORDS
 TOTAL             MM   MM
 24 HR TOTAL       MM
TOTALS            2.5               0.4     2.1
SINCE 7/1         4.5               6.8    -2.3
DAYS >= TRACE       0
DAYS >= 1.0         1
GREATEST
 SNOW DEPTH         3   03/05
 24 HR TOTAL      2.5   03/04 TO 03/05

DEGREE_DAYS
HEATING TOTAL     334               375     -41      458
 SINCE 7/1       2831              2935    -104
COOLING TOTAL      17                18      -1       10
 SINCE 1/1         17                19      -2
.................................................................

WIND (MPH)
AVERAGE WIND SPEED              9.0
HIGHEST WIND SPEED/DIRECTION    43/010    DATE  03/25
HIGHEST GUST SPEED/DIRECTION    56/010    DATE  03/25

SKY COVER
POSSIBLE SUNSHINE (PERCENT)   MM
AVERAGE SKY COVER           0.30
NUMBER OF DAYS FAIR           22
NUMBER OF DAYS PC              4
NUMBER OF DAYS CLOUDY          5

AVERAGE RH (PERCENT)     58

WEATHER CONDITIONS. NUMBER OF DAYS WITH
THUNDERSTORM              0     MIXED PRECIP               0
HEAVY RAIN                0     RAIN                       1
LIGHT RAIN                6     FREEZING RAIN              0
LT FREEZING RAIN          1     HAIL                       0
HEAVY SNOW                1     SNOW                       1
LIGHT SNOW                1     SLEET                      0
FOG                      11     FOG W/VIS <= 1/4 MILE      4
HAZE                      3

-  INDICATES NEGATIVE NUMBERS.
R  INDICATES RECORD WAS SET OR TIED.
MM INDICATES DATA IS MISSING.
T  INDICATES TRACE AMOUNT.

$$
