000
CXUS55 KPUB 012057
CLMCOS


CLIMATE REPORT
NATIONAL WEATHER SERVICE PUEBLO
256 PM MDT WED APR 1 2015

...................................

...THE COLORADO SPRINGS CO CLIMATE SUMMARY FOR THE MONTH OF MARCH 2015...

CLIMATE NORMAL PERIOD 1981 TO 2010
CLIMATE RECORD PERIOD 1872 TO 2015

WEATHER         OBSERVED          NORMAL  DEPART  LAST YEAR`S
                 VALUE   DATE(S)  VALUE   FROM    VALUE  DATE(S)
                                          NORMAL
................................................................
TEMPERATURE (F)
RECORD
 HIGH              81   03/26/1971
 LOW              -16   03/02/1943
HIGHEST            80   03/16        55      25       73  03/10
LOWEST             -2   03/05        21     -23        6  03/02
AVG. MAXIMUM     57.4              52.1     5.3     54.2
AVG. MINIMUM     28.8              26.0     2.8     24.9
MEAN             43.1              39.1     4.0     39.5
DAYS MAX >= 90      0               0.0     0.0
DAYS MAX <= 32      2               2.1    -0.1
DAYS MIN <= 32     21              23.8    -2.8
DAYS MIN <= 0       1               0.1     0.9

PRECIPITATION (INCHES)
RECORD
 MAXIMUM         3.03   1906
 MINIMUM            T   1946
                        1935
                        1922
TOTALS           0.81              1.00   -0.19     0.42
DAILY AVG.       0.03              0.03    0.00
DAYS >= .01         7               7.6    -0.6
DAYS >= .10         2               2.7    -0.7
DAYS >= .50         0               0.4    -0.4
DAYS >= 1.00        0               0.1    -0.1
GREATEST
 24 HR. TOTAL    0.64   03/18 TO 03/19              0.29

SNOWFALL (INCHES)
RECORDS
 TOTAL           30.2   1909
TOTALS            3.9               8.1    -4.2      2.8
SINCE 7/1        44.8              32.1    12.7     26.9
SNOWDEPTH AVG.      1
DAYS >= 1.0         1               2.4    -1.4
GREATEST
 SNOW DEPTH         5   03/05                          2
 24 HR TOTAL      3.3   03/04 TO 03/04               1.5

DEGREE_DAYS
HEATING TOTAL     669               805    -136      781
 SINCE 7/1       4890              5368    -478     5268
COOLING TOTAL       0                 0       0        0
 SINCE 1/1          0                 0       0        0
.................................................................

WIND (MPH)
AVERAGE WIND SPEED              9.3
HIGHEST WIND SPEED/DIRECTION    43/310    DATE  03/24
HIGHEST GUST SPEED/DIRECTION    54/310    DATE  03/24

SKY COVER
POSSIBLE SUNSHINE (PERCENT)   MM
AVERAGE SKY COVER           0.50
NUMBER OF DAYS FAIR           11
NUMBER OF DAYS PC             13
NUMBER OF DAYS CLOUDY          7

AVERAGE RH (PERCENT)     51

WEATHER CONDITIONS. NUMBER OF DAYS WITH
THUNDERSTORM              0     MIXED PRECIP               0
HEAVY RAIN                0     RAIN                       2
LIGHT RAIN                5     FREEZING RAIN              0
LT FREEZING RAIN          0     HAIL                       0
HEAVY SNOW                0     SNOW                       1
LIGHT SNOW                6     SLEET                      0
FOG                       9     FOG W/VIS <= 1/4 MILE      1
HAZE                      4

-  INDICATES NEGATIVE NUMBERS.
R  INDICATES RECORD WAS SET OR TIED.
MM INDICATES DATA IS MISSING.
T  INDICATES TRACE AMOUNT.

$$
