000
CXUS53 KGRB 010728
CLMGRB


CLIMATE REPORT
NATIONAL WEATHER SERVICE GREEN BAY
227 AM CDT WED APR 1 2015

...................................

...THE GREEN BAY WI CLIMATE SUMMARY FOR THE MONTH OF MARCH 2015...

CLIMATE NORMAL PERIOD 1981 TO 2010
CLIMATE RECORD PERIOD 1886 TO 2015

WEATHER         OBSERVED          NORMAL  DEPART  LAST YEAR`S
                 VALUE   DATE(S)  VALUE   FROM    VALUE  DATE(S)
                                          NORMAL
................................................................
TEMPERATURE (F)
RECORD
 HIGH              82   03/21/2012
                        03/29/1910
 LOW              -24   03/03/2014
HIGHEST            63   03/16        59       4       53  03/31
                        03/13                             03/10
LOWEST             -7   03/05         0      -7      -24  03/03
AVG. MAXIMUM     43.2              39.2     4.0     32.5
AVG. MINIMUM     23.6              22.4     1.2     13.3
MEAN             33.4              30.8     2.6     22.9
DAYS MAX >= 90      0               0.0     0.0        0
DAYS MAX <= 32      7               7.2    -0.2       14
DAYS MIN <= 32     25              26.3    -1.3       29
DAYS MIN <= 0       2               1.1     0.9        5

PRECIPITATION (INCHES)
RECORD
 MAXIMUM         5.69   1888
 MINIMUM         0.15   1999
TOTALS           0.90              1.85   -0.95     0.91
DAILY AVG.       0.03              0.06   -0.03     0.03
DAYS >= .01         6              10.6    -4.6        9
DAYS >= .10         3               4.6    -1.6        3
DAYS >= .50         0               1.2    -1.2        0
DAYS >= 1.00        0               0.3    -0.3        0
GREATEST
 24 HR. TOTAL    0.47   03/25 TO 03/25

SNOWFALL (INCHES)
RECORDS
 TOTAL           48.2   1888
TOTALS            4.2               8.1    -3.9      6.1
SINCE 7/1        32.7              48.3   -15.6     68.4
SNOWDEPTH AVG.      1                 3      -2        9
DAYS >= 1.0         2               2.6    -0.6        4
GREATEST
 SNOW DEPTH         4   03/07                         18  03/05
                        03/06                             03/04
                        03/05
 24 HR TOTAL      2.8   MM

DEGREE_DAYS
HEATING TOTAL     968              1060     -92     1294
 SINCE 7/1       7006              6900     106     7775
COOLING TOTAL       0                 0       0        0
 SINCE 1/1          0                 0       0        0
.................................................................

WIND (MPH)
AVERAGE WIND SPEED              9.5
HIGHEST WIND SPEED/DIRECTION    28/270    DATE  03/04
HIGHEST GUST SPEED/DIRECTION    38/210    DATE  03/29

SKY COVER
POSSIBLE SUNSHINE (PERCENT)   MM
AVERAGE SKY COVER           0.30
NUMBER OF DAYS FAIR           20
NUMBER OF DAYS PC              8
NUMBER OF DAYS CLOUDY          3

AVERAGE RH (PERCENT)     65

WEATHER CONDITIONS. NUMBER OF DAYS WITH
THUNDERSTORM              0     MIXED PRECIP               0
HEAVY RAIN                0     RAIN                       1
LIGHT RAIN                6     FREEZING RAIN              1
LT FREEZING RAIN          0     HAIL                       0
HEAVY SNOW                0     SNOW                       2
LIGHT SNOW                8     SLEET                      0
FOG                      12     FOG W/VIS <= 1/4 MILE      3
HAZE                      6

-  INDICATES NEGATIVE NUMBERS.
R  INDICATES RECORD WAS SET OR TIED.
MM INDICATES DATA IS MISSING.
T  INDICATES TRACE AMOUNT.

$$
