000
CXUS51 KPHI 011127
CLMILG


CLIMATE REPORT
NATIONAL WEATHER SERVICE MOUNT HOLLY NJ
727 AM EDT FRI MAY 1 2015

...................................

...THE WILMINGTON CLIMATE SUMMARY FOR THE MONTH OF APRIL 2015...

CLIMATE NORMAL PERIOD 1981 TO 2010
CLIMATE RECORD PERIOD 1894 TO 2015

WEATHER         OBSERVED          NORMAL  DEPART  LAST YEAR`S
                 VALUE   DATE(S)  VALUE   FROM    VALUE  DATE(S)
                                          NORMAL
................................................................
TEMPERATURE (F)
RECORD
 HIGH              97   04/18/1896
                        04/17/1896
 LOW               11   04/01/1923
HIGHEST            80                82      -2       83
LOWEST             30                29       1       31
AVG. MAXIMUM     65.5              63.5     2.0     63.6
AVG. MINIMUM     44.0              43.0     1.0     41.5
MEAN             54.8              53.3     1.5     52.6
DAYS MAX >= 90      0               0.2    -0.2        0
DAYS MAX <= 32      0               0.0     0.0        0
DAYS MIN <= 32      2               1.9     0.1        2
DAYS MIN <= 0       0               0.0     0.0        0

PRECIPITATION (INCHES)
RECORD
 MAXIMUM         8.55   2007
 MINIMUM         0.35   1985
TOTALS           4.29              3.50    0.79     6.84
DAILY AVG.       0.14              0.12    0.02     0.23
DAYS >= .01        10              11.3    -1.3       10
DAYS >= .10         6               6.4    -0.4        6
DAYS >= .50         2               2.4    -0.4        4
DAYS >= 1.00        1               0.8     0.2        1
GREATEST
 24 HR. TOTAL    2.37   04/20 TO 04/20              4.26

SNOWFALL (INCHES)
RECORDS
 TOTAL              T   2009
                        5
                        0
 24 HR TOTAL       MM
TOTALS            0.0               0.3    -0.3      0.0
SINCE 7/1        23.4              20.2     3.2     56.1
SNOWDEPTH AVG.      0                MM      MM        0
DAYS >= 1.0         0               0.2    -0.2        0
GREATEST
 SNOW DEPTH         0   MM                             0  MM
 24 HR TOTAL      0.0   04/30 TO 04/30               0.0

DEGREE_DAYS
HEATING TOTAL     328               363     -35      374
 SINCE 7/1       5001              4669     332     5049
COOLING TOTAL       4                11      -7        7
 SINCE 1/1          4                12      -8        7
.................................................................

WIND (MPH)
AVERAGE WIND SPEED              10.1
HIGHEST WIND SPEED/DIRECTION    41/290    DATE  04/22
HIGHEST GUST SPEED/DIRECTION    49/290    DATE  04/22

SKY COVER
POSSIBLE SUNSHINE (PERCENT)   MM
AVERAGE SKY COVER           0.40
NUMBER OF DAYS FAIR           17
NUMBER OF DAYS PC              6
NUMBER OF DAYS CLOUDY          7

AVERAGE RH (PERCENT)     61

WEATHER CONDITIONS. NUMBER OF DAYS WITH
THUNDERSTORM              0     MIXED PRECIP               0
HEAVY RAIN                4     RAIN                       4
LIGHT RAIN               13     FREEZING RAIN              0
LT FREEZING RAIN          0     HEAVY SNOW                 0
SNOW                      0     LIGHT SNOW                 0
SLEET                     0     FOG                       11
FOG W/VIS <= 1/4 MILE     1     HAZE                       0

-  INDICATES NEGATIVE NUMBERS.
R  INDICATES RECORD WAS SET OR TIED.
MM INDICATES DATA IS MISSING.
T  INDICATES TRACE AMOUNT.

$$
