000
CXUS54 KMEG 281344
CLMMEG


CLIMATE REPORT...RETRANSMISSION
NATIONAL WEATHER SERVICE MEMPHIS TN
841 AM CDT TUE APR 28 2015

...................................

...THE MEMPHIS/GERMANTOWN WFO CLIMATE SUMMARY FOR THE MONTH OF MARCH 2015...

CLIMATE NORMAL PERIOD 1981 TO 2010
CLIMATE RECORD PERIOD 1988 TO 2015

WEATHER         OBSERVED          NORMAL  DEPART  LAST YEAR`S
                 VALUE   DATE(S)  VALUE   FROM    VALUE  DATE(S)
                                          NORMAL
................................................................
TEMPERATURE (F)
RECORD
 HIGH              89   03/29/2007
 LOW               10   03/06/2015
HIGHEST            80   03/31        MM      MM       78  03/11
LOWEST             10R  03/06        MM      MM       13  03/03
AVG. MAXIMUM     61.8              62.5    -0.7     60.4
AVG. MINIMUM     40.6              40.1     0.5     35.5
MEAN             51.2              51.3    -0.1     48.0
DAYS MAX >= 90      0               0.0     0.0        0
DAYS MAX <= 32      1               0.2     0.8        2
DAYS MIN <= 32      8               7.3     0.7       12
DAYS MIN <= 0       0               0.0     0.0        0

PRECIPITATION (INCHES)
RECORD
 MAXIMUM           MM   MM
 MINIMUM           MM   MM
TOTALS           6.66              4.95    1.71     6.04
DAILY AVG.       0.21              0.16    0.05     0.19
DAYS >= .01        17              11.2     5.8        9
DAYS >= .10        13               7.7     5.3        5
DAYS >= .50         5               3.7     1.3        4
DAYS >= 1.00        2               1.4     0.6        2
GREATEST
 24 HR. TOTAL    1.58   03/04 TO 03/04

SNOWFALL (INCHES)
RECORDS
 TOTAL             MM   5
TOTALS            4.1               0.8     3.3      0.3
SINCE 7/1         6.3               2.4     3.9      0.8
SNOWDEPTH AVG.      0                MM      MM        0
DAYS >= 1.0         1               0.1     0.9        0
GREATEST
 SNOW DEPTH         4   03/05                          0  MM
 24 HR TOTAL      3.6   MM

DEGREE_DAYS
HEATING TOTAL     421               436     -15      522
 SINCE 7/1       3328              3182     146     3526
COOLING TOTAL       3                11      -8        2
 SINCE 1/1          3                12      -9        2
.................................................................



-  INDICATES NEGATIVE NUMBERS.
R  INDICATES RECORD WAS SET OR TIED.
MM INDICATES DATA IS MISSING.
T  INDICATES TRACE AMOUNT.

$$
