000
CXUS56 KMTR 030958
CLMNUQ


CLIMATE REPORT
NATIONAL WEATHER SERVICE SAN FRANCISCO BAY AREA
258 AM PDT FRI APR 3 2015

...................................

...THE MOFFETT FIELD NAS CLIMATE SUMMARY FOR THE MONTH OF MARCH 2015...

CLIMATE NORMAL PERIOD 1981 TO 2010
CLIMATE RECORD PERIOD 1945 TO 2015

WEATHER         OBSERVED          NORMAL  DEPART  LAST YEAR`S
                 VALUE   DATE(S)  VALUE   FROM    VALUE  DATE(S)
                                          NORMAL
................................................................
TEMPERATURE (F)
RECORD
 HIGH              84   03/26/2015
                        03/17/2004
                        03/16/2004
 LOW               30   03/03/1951
HIGHEST            84R  03/26                         79  03/15
LOWEST             40   03/01                         45  03/31
AVG. MAXIMUM     71.0              65.0     6.0     69.5
AVG. MINIMUM     49.3                               50.3
MEAN             60.1                               59.9
DAYS MAX >= 90      0                                  0
DAYS MAX <= 32      0                                  0
DAYS MIN <= 32      0                                  0
DAYS MIN <= 0       0                                  0

PRECIPITATION (INCHES)
RECORD
 MAXIMUM         6.39   1983
 MINIMUM         0.06   1988
TOTALS           0.16                               1.48
DAILY AVG.       0.01              0.07   -0.06     0.05
DAYS >= .01         3                                 10
DAYS >= .10         0                                  5
DAYS >= .50         0                                  1
DAYS >= 1.00        0                                  0
GREATEST
 24 HR. TOTAL    0.08   03/11 TO 03/11           03/31 TO 03/31
                                                          03/30 TO 03/30
                                                          03/30 TO 03/30

DEGREE_DAYS
HEATING TOTAL     153                                154
 SINCE 7/1       1258                               1612
COOLING TOTAL       8                                  4
 SINCE 1/1          8                                  4
.................................................

WIND (MPH)
AVERAGE WIND SPEED              4.5
RESULTANT WIND SPEED/DIRECTION   3/343
HIGHEST WIND SPEED/DIRECTION    24/350    DATE  03/23
HIGHEST GUST SPEED/DIRECTION    28/320    DATE  03/31

SKY COVER
POSSIBLE SUNSHINE (PERCENT)   MM
AVERAGE SKY COVER           0.10
NUMBER OF DAYS FAIR           28
NUMBER OF DAYS PC              3
NUMBER OF DAYS CLOUDY          0

AVERAGE RH (PERCENT)     63

WEATHER CONDITIONS. NUMBER OF DAYS WITH
THUNDERSTORM              0     MIXED PRECIP               0
HEAVY RAIN                0     RAIN                       0
LIGHT RAIN                4     FREEZING RAIN              0
LT FREEZING RAIN          0     HAIL                       0
HEAVY SNOW                0     SNOW                       0
LIGHT SNOW                0     SLEET                      0
FOG                       4     FOG W/VIS <= 1/4 MILE      0
HAZE                      3

-  INDICATES NEGATIVE NUMBERS.
R  INDICATES RECORD WAS SET OR TIED.
MM INDICATES DATA IS MISSING.
T  INDICATES TRACE AMOUNT.

$$
