000
CXUS53 KUNR 011156
CLMPHP


CLIMATE REPORT
NATIONAL WEATHER SERVICE RAPID CITY SD
553 AM MDT WED APR 1 2015

...................................

...THE PHILIP SD CLIMATE SUMMARY FOR THE MONTH OF MARCH 2015...

CLIMATE NORMAL PERIOD 1981 TO 2010
CLIMATE RECORD PERIOD 9999 TO 9999

WEATHER         OBSERVED          NORMAL  DEPART  LAST YEAR`S
                 VALUE   DATE(S)  VALUE   FROM    VALUE  DATE(S)
                                          NORMAL
................................................................
TEMPERATURE (F)
HIGHEST            85   03/15                         74  03/26
                                                          03/09
LOWEST             -9   03/05                        -23  03/02
AVG. MAXIMUM     60.6              47.7    12.9     46.5
AVG. MINIMUM     22.0              21.8     0.2     19.1
MEAN             41.3              34.7     6.6     32.8
DAYS MAX >= 90      0                                  0
DAYS MAX <= 32      1                                  5
DAYS MIN <= 32     26                                 26
DAYS MIN <= 0       2                                  3

PRECIPITATION (INCHES)
TOTALS           0.09              1.27   -1.18     0.54
DAILY AVG.       0.00              0.04   -0.04     0.02
DAYS >= .01         2                                  8
DAYS >= .10         0                                  2
DAYS >= .50         0                                  0
DAYS >= 1.00        0                                  0
GREATEST
 24 HR. TOTAL    0.08   03/02 TO 03/02              0.23

DEGREE_DAYS
HEATING TOTAL     730               938    -208      990
 SINCE 7/1       5870              6303    -433     6593
COOLING TOTAL       3                 0       3        0
 SINCE 1/1          3                 0       3        0
.................................................................

WIND (MPH)
AVERAGE WIND SPEED              11.0
HIGHEST WIND SPEED/DIRECTION    46/300    DATE  03/29
HIGHEST GUST SPEED/DIRECTION    57/340    DATE  03/28

AVERAGE RH (PERCENT)     51

WEATHER CONDITIONS. NUMBER OF DAYS WITH
THUNDERSTORM              0     MIXED PRECIP               0
HEAVY RAIN                0     RAIN                       0
LIGHT RAIN                1     FREEZING RAIN              0
LT FREEZING RAIN          0     HAIL                       0
HEAVY SNOW                0     SNOW                       0
LIGHT SNOW                2     SLEET                      0
FOG                       3     FOG W/VIS <= 1/4 MILE      1
HAZE                      0

-  INDICATES NEGATIVE NUMBERS.
R  INDICATES RECORD WAS SET OR TIED.
MM INDICATES DATA IS MISSING.
T  INDICATES TRACE AMOUNT.

$$
