000
CXUS54 KMEG 281344
CLMTUP


CLIMATE REPORT...RETRANSMISSION
NATIONAL WEATHER SERVICE MEMPHIS TN
841 AM CDT TUE APR 28 2015

...................................

...THE TUPELO CLIMATE SUMMARY FOR THE MONTH OF MARCH 2015...

CLIMATE NORMAL PERIOD 1981 TO 2010
CLIMATE RECORD PERIOD 1930 TO 2015

WEATHER         OBSERVED          NORMAL  DEPART  LAST YEAR`S
                 VALUE   DATE(S)  VALUE   FROM    VALUE  DATE(S)
                                          NORMAL
................................................................
TEMPERATURE (F)
RECORD
 HIGH              87   03/12/1967
 LOW                7   03/03/1980
HIGHEST            82   03/17        64      18       77  03/02
LOWEST             18   03/06        43     -25       22  03/03
AVG. MAXIMUM     64.2              65.5    -1.3     63.1
AVG. MINIMUM     44.0              42.5     1.5     36.6
MEAN             54.1              54.0     0.1     49.9
DAYS MAX >= 90      0               0.0     0.0        0
DAYS MAX <= 32      0               0.0     0.0        0
DAYS MIN <= 32      5               4.0     1.0        8
DAYS MIN <= 0       0               0.0     0.0        0

PRECIPITATION (INCHES)
RECORD
 MAXIMUM        17.20   1980
 MINIMUM         1.80   1966
TOTALS           6.42              4.82    1.60     3.08
DAILY AVG.       0.21              0.16    0.05     0.10
DAYS >= .01        21              10.1    10.9        9
DAYS >= .10        14               6.9     7.1        6
DAYS >= .50         4               3.3     0.7        4
DAYS >= 1.00        0               1.5    -1.5        0
GREATEST
 24 HR. TOTAL    0.91   03/04 TO 03/04

SNOWFALL (INCHES)
RECORDS
 TOTAL            6.0   1968
TOTALS            0.1               0.3    -0.2        T
SINCE 7/1         7.4               2.1     5.3      0.5
SNOWDEPTH AVG.      0                MM      MM        0
DAYS >= 1.0         0               0.1    -0.1        0
GREATEST
 SNOW DEPTH         T   03/05                          0  MM
 24 HR TOTAL      0.1   MM

DEGREE_DAYS
HEATING TOTAL     333               355     -22      460
 SINCE 7/1       3051              2786     265     3290
COOLING TOTAL       3                14     -11        0
 SINCE 1/1          3                16     -13        0
.................................................................

WIND (MPH)
AVERAGE WIND SPEED              6.9
HIGHEST WIND SPEED/DIRECTION    29/040    DATE  03/05
HIGHEST GUST SPEED/DIRECTION    35/030    DATE  03/05

SKY COVER
POSSIBLE SUNSHINE (PERCENT)   MM
AVERAGE SKY COVER           0.60
NUMBER OF DAYS FAIR            8
NUMBER OF DAYS PC              9
NUMBER OF DAYS CLOUDY         14

AVERAGE RH (PERCENT)     73

WEATHER CONDITIONS. NUMBER OF DAYS WITH
THUNDERSTORM              0     MIXED PRECIP               0
HEAVY RAIN                7     RAIN                       8
LIGHT RAIN               20     FREEZING RAIN              0
LT FREEZING RAIN          0     HAIL                       0
HEAVY SNOW                0     SNOW                       0
LIGHT SNOW                2     SLEET                      0
FOG                      20     FOG W/VIS <= 1/4 MILE      2
HAZE                      5

-  INDICATES NEGATIVE NUMBERS.
R  INDICATES RECORD WAS SET OR TIED.
MM INDICATES DATA IS MISSING.
T  INDICATES TRACE AMOUNT.

$$
