000
CXUS53 KILX 011748
CLSCMI

CLIMATE REPORT
NATIONAL WEATHER SERVICE LINCOLN IL
1136 AM CST SUN MAR 1 2015

...................................

...THE CHAMPAIGN IL AIRPORT CLIMATE SUMMARY FOR THE SEASON, FROM
12/1/2014 TO 2/28/2015...

CLIMATE NORMAL PERIOD 1981 TO 2010
CLIMATE RECORD PERIOD 9999 TO 9999

WEATHER         OBSERVED          NORMAL  DEPART  LAST YEAR`S
                 VALUE   DATE(S)  VALUE   FROM    VALUE
                                          NORMAL
.............................................................
TEMPERATURE (F)
RECORD
 HIGH              MM   MM
 LOW               MM   MM
HIGHEST            54   02/08        MM      MM       61
LOWEST            -14   02/24        MM      MM      -13
AVG. MAXIMUM     33.1              35.9    -2.8     30.9
AVG. MINIMUM     17.6              19.9    -2.3     12.1
MEAN             25.3              27.9    -2.6     21.5
DAYS MAX >= 90      0               0.0     0.0        0
DAYS MAX <= 32     39              31.9     7.1       51
DAYS MIN <= 32     79              77.7     1.3       85
DAYS MIN <= 0      12               6.1     5.9       19

PRECIPITATION (INCHES)
RECORD
 MAXIMUM           MM   MM
 MINIMUM           MM   MM
TOTALS             MMR             6.59      MM     3.91
DAILY AVG.         MM                               0.06
DAYS >= .01        MM                MM      MM       15
DAYS >= .10        MM                MM      MM        8
DAYS >= .50        MM                MM      MM        3
DAYS >= 1.00        0                MM      MM        0
GREATEST
 24 HR. TOTAL      MM                               0.95

DEGREE_DAYS
HEATING TOTAL    3526              3338     188     3887
 SINCE 7/1       4876              4502     374     5081
COOLING TOTAL       0                 0       0        0
 SINCE 1/1          0                 0       0        0

FREEZE DATES
RECORD
 EARLIEST     MM
 LATEST       MM
EARLIEST                        MM
LATEST                          MM
..............................................................

WIND (MPH)
AVERAGE WIND SPEED              11.2
HIGHEST WIND SPEED/DIRECTION    40/330    DATE  02/14
HIGHEST GUST SPEED/DIRECTION    48/270    DATE  01/08

SKY COVER
POSSIBLE SUNSHINE (PERCENT)   MM
AVERAGE SKY COVER           0.60
NUMBER OF DAYS FAIR           28
NUMBER OF DAYS PC             30
NUMBER OF DAYS CLOUDY         32

AVERAGE RH (PERCENT)     78

WEATHER CONDITIONS. NUMBER OF DAYS WITH
THUNDERSTORM              0     MIXED PRECIP               0
HEAVY RAIN                1     RAIN                       3
LIGHT RAIN               21     FREEZING RAIN              1
LT FREEZING RAIN          3     HAIL                       0
HEAVY SNOW                1     SNOW                       8
LIGHT SNOW               32     SLEET                      0
FOG                      61     FOG W/VIS <= 1/4 MILE      8
HAZE                     30

-  INDICATES NEGATIVE NUMBERS.
R  INDICATES RECORD WAS SET OR TIED.
MM INDICATES DATA IS MISSING.
T  INDICATES TRACE AMOUNT.

$$
