000
CDUS43 KARX 302132
CLILSE


CLIMATE REPORT
NATIONAL WEATHER SERVICE LA CROSSE WI
432 PM CDT THU APR 30 2015


...................................

...THE LA CROSSE WI CLIMATE SUMMARY FOR APRIL 30 2015...
VALID TODAY AS OF 0400 PM LOCAL TIME.

CLIMATE NORMAL PERIOD 1981 TO 2010
CLIMATE RECORD PERIOD 1873 TO 2015


WEATHER ITEM   OBSERVED TIME   RECORD YEAR NORMAL DEPARTURE LAST
                VALUE   (LST)  VALUE       VALUE  FROM      YEAR
                                                  NORMAL
..................................................................
TEMPERATURE (F)
 TODAY
  MAXIMUM         67    259 PM  90    1952  66      1       44
  MINIMUM         42    529 AM  17    1956  44     -2       39
  AVERAGE         55                        55      0       42

PRECIPITATION (IN)
  TODAY            0.00          3.84 1954   0.12  -0.12     0.16
  MONTH TO DATE    4.16                      3.34   0.82     7.03
  SINCE MAR 1      4.97                      5.38  -0.41     8.34
  SINCE JAN 1      6.18                      7.55  -1.37    10.70

SNOWFALL (IN)
  TODAY            0.0           2.7  1909   0.0    0.0      0.0
                                      2001
  MONTH TO DATE    0.5                       1.7   -1.2      2.3
  SINCE JUL 1     38.8                      43.3   -4.5     48.9
  SNOW DEPTH       0

DEGREE DAYS
 HEATING
  TODAY           10                        11     -1       23
  MONTH TO DATE  416                       499    -83      595
  SINCE JUL 1   6908                      6952    -44     7940

 COOLING
  TODAY            0                         0      0        0
  MONTH TO DATE    1                         7     -6        0
  SINCE JAN 1      1                         7     -6        0
..................................................................


WIND (MPH)
  HIGHEST WIND SPEED    13   HIGHEST WIND DIRECTION     N (10)
  HIGHEST GUST SPEED    22   HIGHEST GUST DIRECTION     N (360)
  AVERAGE WIND SPEED     7.3


SKY COVER
  POSSIBLE SUNSHINE  MM
  AVERAGE SKY COVER 0.1


WEATHER CONDITIONS
 THE FOLLOWING WEATHER WAS RECORDED TODAY.
  NO SIGNIFICANT WEATHER WAS OBSERVED.


RELATIVE HUMIDITY (PERCENT)
 HIGHEST    62           500 AM
 LOWEST     26           200 PM
 AVERAGE    44

..........................................................


THE LA CROSSE WI CLIMATE NORMALS FOR TOMORROW
                         NORMAL    RECORD    YEAR
 MAXIMUM TEMPERATURE (F)   66        94      1992
 MINIMUM TEMPERATURE (F)   44        27      1966


SUNRISE AND SUNSET
APRIL 30 2015.........SUNRISE   559 AM CDT   SUNSET   807 PM CDT
MAY  1 2015...........SUNRISE   557 AM CDT   SUNSET   808 PM CDT


-  INDICATES NEGATIVE NUMBERS.
R  INDICATES RECORD WAS SET OR TIED.
MM INDICATES DATA IS MISSING.
T  INDICATES TRACE AMOUNT.




$$
