000
CDUS43 KARX 012141
CLILSE


CLIMATE REPORT
NATIONAL WEATHER SERVICE LA CROSSE WI
441 PM CDT FRI MAY 1 2015


...................................

...THE LA CROSSE WI CLIMATE SUMMARY FOR MAY 1 2015...
VALID TODAY AS OF 0400 PM LOCAL TIME.

CLIMATE NORMAL PERIOD 1981 TO 2010
CLIMATE RECORD PERIOD 1873 TO 2015


WEATHER ITEM   OBSERVED TIME   RECORD YEAR NORMAL DEPARTURE LAST
                VALUE   (LST)  VALUE       VALUE  FROM      YEAR
                                                  NORMAL
..................................................................
TEMPERATURE (F)
 TODAY
  MAXIMUM         70   1214 PM  94    1992  66      4       49
  MINIMUM         37    405 AM  27    1966  44     -7       41
  AVERAGE         54                        55     -1       45

PRECIPITATION (IN)
  TODAY            0.00          1.17 1993   0.11  -0.11     0.07
                                      1935
                                      1911
  MONTH TO DATE    0.00                      0.11  -0.11     0.07
  SINCE MAR 1      4.97                      5.49  -0.52     8.41
  SINCE JAN 1      6.18                      7.66  -1.48    10.77

SNOWFALL (IN)
  TODAY            0.0           T    2005   0.0    0.0      0.0
  MONTH TO DATE    0.0                       0.0    0.0      0.0
  SINCE JUL 1     38.8                      43.3   -4.5     48.9
  SNOW DEPTH       0

DEGREE DAYS
 HEATING
  TODAY           11                        10      1       20
  MONTH TO DATE   11                        10      1       20
  SINCE JUL 1   6918                      6962    -44     7960

 COOLING
  TODAY            0                         0      0        0
  MONTH TO DATE    0                         0      0        0
  SINCE JAN 1      1                         7     -6        0
..................................................................


WIND (MPH)
  HIGHEST WIND SPEED    15   HIGHEST WIND DIRECTION    SW (220)
  HIGHEST GUST SPEED    19   HIGHEST GUST DIRECTION    SW (210)
  AVERAGE WIND SPEED     7.3


SKY COVER
  POSSIBLE SUNSHINE  MM
  AVERAGE SKY COVER 0.1


WEATHER CONDITIONS
 THE FOLLOWING WEATHER WAS RECORDED TODAY.
  NO SIGNIFICANT WEATHER WAS OBSERVED.


RELATIVE HUMIDITY (PERCENT)
 HIGHEST    83           500 AM
 LOWEST     27           100 PM
 AVERAGE    55

..........................................................


THE LA CROSSE WI CLIMATE NORMALS FOR TOMORROW
                         NORMAL    RECORD    YEAR
 MAXIMUM TEMPERATURE (F)   66        92      1959
 MINIMUM TEMPERATURE (F)   44        26      1911


SUNRISE AND SUNSET
MAY  1 2015...........SUNRISE   557 AM CDT   SUNSET   808 PM CDT
MAY  2 2015...........SUNRISE   556 AM CDT   SUNSET   809 PM CDT


-  INDICATES NEGATIVE NUMBERS.
R  INDICATES RECORD WAS SET OR TIED.
MM INDICATES DATA IS MISSING.
T  INDICATES TRACE AMOUNT.




$$
