000
CDUS43 KARX 140653
CLILSE


CLIMATE REPORT
NATIONAL WEATHER SERVICE LA CROSSE WI
150 AM CDT TUE APR 14 2015


...................................

...THE LA CROSSE WI CLIMATE SUMMARY FOR APRIL 13 2015...

CLIMATE NORMAL PERIOD 1981 TO 2010
CLIMATE RECORD PERIOD 1873 TO 2015


WEATHER ITEM   OBSERVED TIME   RECORD YEAR NORMAL DEPARTURE LAST
                VALUE   (LST)  VALUE       VALUE  FROM      YEAR
                                                  NORMAL
..................................................................
TEMPERATURE (F)
 YESTERDAY
  MAXIMUM         67   1157 AM  80    1941  58      9       47
  MINIMUM         45   1158 PM  23    1973  37      8       34
                                      1950
                                      1920
  AVERAGE         56                        48      8       41

PRECIPITATION (IN)
  YESTERDAY        0.02          1.22 2014   0.11  -0.09     1.22
  MONTH TO DATE    3.23                      1.31   1.92     3.56
  SINCE MAR 1      4.04                      3.35   0.69     4.87
  SINCE JAN 1      5.25                      5.52  -0.27     7.23

SNOWFALL (IN)
  YESTERDAY        0.0           7.3  1952   0.0    0.0        T
  MONTH TO DATE    0.4                       1.0   -0.6      0.6
  SINCE JUL 1     38.7                      42.6   -3.9     47.2
  SNOW DEPTH       0

DEGREE DAYS
 HEATING
  YESTERDAY        9                        18     -9       24
  MONTH TO DATE  203                       264    -61      269
  SINCE JUL 1   6695                      6717    -22     7614

 COOLING
  YESTERDAY        0                         0      0        0
  MONTH TO DATE    0                         0      0        0
  SINCE JAN 1      0                         0      0        0
..................................................................


WIND (MPH)
  HIGHEST WIND SPEED    28   HIGHEST WIND DIRECTION     W (260)
  HIGHEST GUST SPEED    35   HIGHEST GUST DIRECTION     W (260)
  AVERAGE WIND SPEED    12.4


SKY COVER
  POSSIBLE SUNSHINE  MM
  AVERAGE SKY COVER 0.2


WEATHER CONDITIONS
 THE FOLLOWING WEATHER WAS RECORDED YESTERDAY.
  LIGHT RAIN


RELATIVE HUMIDITY (PERCENT)
 HIGHEST    77           500 AM
 LOWEST     20           500 PM
 AVERAGE    49

..........................................................


THE LA CROSSE WI CLIMATE NORMALS FOR TODAY
                         NORMAL    RECORD    YEAR
 MAXIMUM TEMPERATURE (F)   59        90      2003
 MINIMUM TEMPERATURE (F)   37        20      1928


SUNRISE AND SUNSET
APRIL 14 2015.........SUNRISE   624 AM CDT   SUNSET   747 PM CDT
APRIL 15 2015.........SUNRISE   622 AM CDT   SUNSET   749 PM CDT


-  INDICATES NEGATIVE NUMBERS.
R  INDICATES RECORD WAS SET OR TIED.
MM INDICATES DATA IS MISSING.
T  INDICATES TRACE AMOUNT.




$$
