000
CDUS43 KARX 162129
CLILSE


CLIMATE REPORT
NATIONAL WEATHER SERVICE LA CROSSE WI
428 PM CDT THU APR 16 2015


...................................

...THE LA CROSSE WI CLIMATE SUMMARY FOR APRIL 16 2015...
VALID TODAY AS OF 0400 PM LOCAL TIME.

CLIMATE NORMAL PERIOD 1981 TO 2010
CLIMATE RECORD PERIOD 1873 TO 2015


WEATHER ITEM   OBSERVED TIME   RECORD YEAR NORMAL DEPARTURE LAST
                VALUE   (LST)  VALUE       VALUE  FROM      YEAR
                                                  NORMAL
..................................................................
TEMPERATURE (F)
 TODAY
  MAXIMUM         77    251 PM  87    1964  60     17       55
  MINIMUM         46    540 AM  13    1875  38      8       32
  AVERAGE         62                        49     13       44

PRECIPITATION (IN)
  TODAY            0.00          0.95 1960   0.12  -0.12     0.00
  MONTH TO DATE    3.23                      1.66   1.57     3.74
  SINCE MAR 1      4.04                      3.70   0.34     5.05
  SINCE JAN 1      5.25                      5.87  -0.62     7.41

SNOWFALL (IN)
  TODAY            0.0           6.6  1910   0.0    0.0      0.0
  MONTH TO DATE    0.4                       1.2   -0.8      2.3
  SINCE JUL 1     38.7                      42.8   -4.1     48.9
  SNOW DEPTH       0

DEGREE DAYS
 HEATING
  TODAY            3                        16    -13       21
  MONTH TO DATE  226                       314    -88      356
  SINCE JUL 1   6718                      6767    -49     7701

 COOLING
  TODAY            0                         0      0        0
  MONTH TO DATE    0                         0      0        0
  SINCE JAN 1      0                         0      0        0
..................................................................


WIND (MPH)
  HIGHEST WIND SPEED     9   HIGHEST WIND DIRECTION     S (160)
  HIGHEST GUST SPEED    14   HIGHEST GUST DIRECTION     N (10)
  AVERAGE WIND SPEED     5.3


SKY COVER
  POSSIBLE SUNSHINE  MM
  AVERAGE SKY COVER 0.0


WEATHER CONDITIONS
 THE FOLLOWING WEATHER WAS RECORDED TODAY.
  NO SIGNIFICANT WEATHER WAS OBSERVED.


RELATIVE HUMIDITY (PERCENT)
 HIGHEST    53           400 AM
 LOWEST     22           200 PM
 AVERAGE    38

..........................................................


THE LA CROSSE WI CLIMATE NORMALS FOR TOMORROW
                         NORMAL    RECORD    YEAR
 MAXIMUM TEMPERATURE (F)   60        82      1985
                                             1958
 MINIMUM TEMPERATURE (F)   39        15      1875


SUNRISE AND SUNSET
APRIL 16 2015.........SUNRISE   621 AM CDT   SUNSET   750 PM CDT
APRIL 17 2015.........SUNRISE   619 AM CDT   SUNSET   751 PM CDT


-  INDICATES NEGATIVE NUMBERS.
R  INDICATES RECORD WAS SET OR TIED.
MM INDICATES DATA IS MISSING.
T  INDICATES TRACE AMOUNT.




$$
