000
CDUS43 KARX 250640
CLILSE


CLIMATE REPORT
NATIONAL WEATHER SERVICE LA CROSSE WI
138 AM CDT SAT APR 25 2015


...................................

...THE LA CROSSE WI CLIMATE SUMMARY FOR APRIL 24 2015...

CLIMATE NORMAL PERIOD 1981 TO 2010
CLIMATE RECORD PERIOD 1873 TO 2015


WEATHER ITEM   OBSERVED TIME   RECORD YEAR NORMAL DEPARTURE LAST
                VALUE   (LST)  VALUE       VALUE  FROM      YEAR
                                                  NORMAL
..................................................................
TEMPERATURE (F)
 YESTERDAY
  MAXIMUM         57   1115 AM  90    2009  63     -6       48
  MINIMUM         32    505 AM  24    1956  42    -10       40
  AVERAGE         45                        52     -7       44

PRECIPITATION (IN)
  YESTERDAY        0.10          1.50 1950   0.12  -0.02     1.36
  MONTH TO DATE    4.16                      2.60   1.56     5.54
  SINCE MAR 1      4.97                      4.64   0.33     6.85
  SINCE JAN 1      6.18                      6.81  -0.63     9.21

SNOWFALL (IN)
  YESTERDAY        0.0           1.8  1910   0.1   -0.1      0.0
                                      2001
  MONTH TO DATE    0.5                       1.6   -1.1      2.3
  SINCE JUL 1     38.8                      43.2   -4.4     48.9
  SNOW DEPTH       0

DEGREE DAYS
 HEATING
  YESTERDAY       20                        13      7       21
  MONTH TO DATE  347                       429    -82      478
  SINCE JUL 1   6839                      6882    -43     7823

 COOLING
  YESTERDAY        0                         0      0        0
  MONTH TO DATE    1                         0      1        0
  SINCE JAN 1      1                         0      1        0
..................................................................


WIND (MPH)
  HIGHEST WIND SPEED    22   HIGHEST WIND DIRECTION     S (190)
  HIGHEST GUST SPEED    27   HIGHEST GUST DIRECTION     S (180)
  AVERAGE WIND SPEED     8.3


SKY COVER
  POSSIBLE SUNSHINE  MM
  AVERAGE SKY COVER 0.7


WEATHER CONDITIONS
 THE FOLLOWING WEATHER WAS RECORDED YESTERDAY.
  LIGHT RAIN


RELATIVE HUMIDITY (PERCENT)
 HIGHEST    86           500 PM
 LOWEST     24          1100 AM
 AVERAGE    55

..........................................................


THE LA CROSSE WI CLIMATE NORMALS FOR TODAY
                         NORMAL    RECORD    YEAR
 MAXIMUM TEMPERATURE (F)   64        87      1990
 MINIMUM TEMPERATURE (F)   42        25      1934


SUNRISE AND SUNSET
APRIL 25 2015.........SUNRISE   606 AM CDT   SUNSET   801 PM CDT
APRIL 26 2015.........SUNRISE   605 AM CDT   SUNSET   802 PM CDT


-  INDICATES NEGATIVE NUMBERS.
R  INDICATES RECORD WAS SET OR TIED.
MM INDICATES DATA IS MISSING.
T  INDICATES TRACE AMOUNT.




$$
