000
CDUS43 KARX 080723
CLILSE


CLIMATE REPORT
NATIONAL WEATHER SERVICE LA CROSSE WI
221 AM CDT WED APR 8 2015


...THE LA CROSSE WI CLIMATE SUMMARY FOR APRIL 7 2015...

CLIMATE NORMAL PERIOD 1981 TO 2010
CLIMATE RECORD PERIOD 1873 TO 2015

WEATHER ITEM   OBSERVED TIME   RECORD YEAR NORMAL DEPARTURE LAST
                VALUE   (LST)  VALUE       VALUE  FROM      YEAR
                                                  NORMAL
..................................................................
TEMPERATURE (F)
 YESTERDAY
  MAXIMUM         48    229 PM  84    1991  55     -7       59
  MINIMUM         38    901 AM  13    1936  34      4       39
  AVERAGE         43                        45     -2       49

PRECIPITATION (IN)
  YESTERDAY        1.36          1.57 2006   0.10   1.26      T
  MONTH TO DATE    1.68                      0.65   1.03     0.56
  SINCE MAR 1      2.49                      2.69  -0.20     1.87
  SINCE JAN 1      3.70                      4.86  -1.16     4.23

SNOWFALL (IN)
  YESTERDAY        0.0           5.2  1928   0.1   -0.1      0.0
  MONTH TO DATE    0.0                       0.6   -0.6      0.6
  SINCE JUL 1     38.3                      42.2   -3.9     47.2
  SNOW DEPTH       0

DEGREE DAYS
 HEATING
  YESTERDAY       22                        20      2       16
  MONTH TO DATE  110                       152    -42      172
  SINCE JUL 1   6602                      6605     -3     7517

 COOLING
  YESTERDAY        0                         0      0        0
  MONTH TO DATE    0                         0      0        0
  SINCE JAN 1      0                         0      0        0
..................................................................

WIND (MPH)
  HIGHEST WIND SPEED    24   HIGHEST WIND DIRECTION     E (80)
  HIGHEST GUST SPEED    33   HIGHEST GUST DIRECTION     E (80)
  AVERAGE WIND SPEED     9.7

SKY COVER
  POSSIBLE SUNSHINE  MM
  AVERAGE SKY COVER 1.0

WEATHER CONDITIONS
 THE FOLLOWING WEATHER WAS RECORDED YESTERDAY.
  THUNDERSTORM
  HEAVY RAIN
  RAIN
  LIGHT RAIN
  FOG

RELATIVE HUMIDITY (PERCENT)
 HIGHEST    89           900 PM
 LOWEST     53           300 PM
 AVERAGE    71
..........................................................

THE LA CROSSE WI CLIMATE NORMALS FOR TODAY
                         NORMAL    RECORD    YEAR
 MAXIMUM TEMPERATURE (F)   56        84      1931
 MINIMUM TEMPERATURE (F)   35        11      1972

SUNRISE AND SUNSET
APRIL  8 2015.........SUNRISE   634 AM CDT   SUNSET   740 PM CDT
APRIL  9 2015.........SUNRISE   633 AM CDT   SUNSET   741 PM CDT

-  INDICATES NEGATIVE NUMBERS.
R  INDICATES RECORD WAS SET OR TIED.
MM INDICATES DATA IS MISSING.
T  INDICATES TRACE AMOUNT.

$$

BOYNE
