000
CDUS43 KARX 050637
CLILSE


CLIMATE REPORT
NATIONAL WEATHER SERVICE LA CROSSE WI
136 AM CDT TUE MAY 5 2015


...................................

...THE LA CROSSE WI CLIMATE SUMMARY FOR MAY 4 2015...

CLIMATE NORMAL PERIOD 1981 TO 2010
CLIMATE RECORD PERIOD 1873 TO 2015


WEATHER ITEM   OBSERVED TIME   RECORD YEAR NORMAL DEPARTURE LAST
                VALUE   (LST)  VALUE       VALUE  FROM      YEAR
                                                  NORMAL
..................................................................
TEMPERATURE (F)
 YESTERDAY
  MAXIMUM         75    356 PM  91    1952  67      8       61
  MINIMUM         55   1034 PM  27    1907  45     10       41
  AVERAGE         65                        56      9       51

PRECIPITATION (IN)
  YESTERDAY        0.00          1.18 1982   0.11  -0.11     0.00
                                      1902
  MONTH TO DATE    0.82                      0.46   0.36     0.17
  SINCE MAR 1      5.79                      5.84  -0.05     8.51
  SINCE JAN 1      7.00                      8.01  -1.01    10.87

SNOWFALL (IN)
  YESTERDAY        0.0           0.0  2000   0.0    0.0      0.0
                                      2002
                                      2001
  MONTH TO DATE    0.0                       0.0    0.0      0.0
  SINCE JUL 1     38.8                      43.3   -4.5     48.9
  SNOW DEPTH       0

DEGREE DAYS
 HEATING
  YESTERDAY        0                         9     -9       14
  MONTH TO DATE   11                        39    -28       60
  SINCE JUL 1   6918                      6991    -73     8000

 COOLING
  YESTERDAY        0                         1     -1        0
  MONTH TO DATE   10                         2      8        0
  SINCE JAN 1     11                         9      2        0
..................................................................


WIND (MPH)
  HIGHEST WIND SPEED    16   HIGHEST WIND DIRECTION     N (350)
  HIGHEST GUST SPEED    21   HIGHEST GUST DIRECTION     N (10)
  AVERAGE WIND SPEED     7.4


SKY COVER
  POSSIBLE SUNSHINE  MM
  AVERAGE SKY COVER 0.1


WEATHER CONDITIONS
 THE FOLLOWING WEATHER WAS RECORDED YESTERDAY.
  NO SIGNIFICANT WEATHER WAS OBSERVED.


RELATIVE HUMIDITY (PERCENT)
 HIGHEST    90           200 AM
 LOWEST     25           100 PM
 AVERAGE    58

..........................................................


THE LA CROSSE WI CLIMATE NORMALS FOR TODAY
                         NORMAL    RECORD    YEAR
 MAXIMUM TEMPERATURE (F)   67        91      1949
                                             1909
 MINIMUM TEMPERATURE (F)   45        31      1967
                                             1890


SUNRISE AND SUNSET
MAY  5 2015...........SUNRISE   552 AM CDT   SUNSET   812 PM CDT
MAY  6 2015...........SUNRISE   550 AM CDT   SUNSET   814 PM CDT


-  INDICATES NEGATIVE NUMBERS.
R  INDICATES RECORD WAS SET OR TIED.
MM INDICATES DATA IS MISSING.
T  INDICATES TRACE AMOUNT.




$$
