000
CDUS43 KARX 300634
CLILSE


CLIMATE REPORT
NATIONAL WEATHER SERVICE LA CROSSE WI
133 AM CDT THU APR 30 2015


...................................

...THE LA CROSSE WI CLIMATE SUMMARY FOR APRIL 29 2015...

CLIMATE NORMAL PERIOD 1981 TO 2010
CLIMATE RECORD PERIOD 1873 TO 2015


WEATHER ITEM   OBSERVED TIME   RECORD YEAR NORMAL DEPARTURE LAST
                VALUE   (LST)  VALUE       VALUE  FROM      YEAR
                                                  NORMAL
..................................................................
TEMPERATURE (F)
 YESTERDAY
  MAXIMUM         72    228 PM  93    1910  65      7       44
  MINIMUM         45    455 AM  26    1956  43      2       38
  AVERAGE         59                        54      5       41

PRECIPITATION (IN)
  YESTERDAY        0.00          1.45 1973   0.13  -0.13     0.24
  MONTH TO DATE    4.16                      3.22   0.94     6.87
  SINCE MAR 1      4.97                      5.26  -0.29     8.18
  SINCE JAN 1      6.18                      7.43  -1.25    10.54

SNOWFALL (IN)
  YESTERDAY        0.0           4.5  1956   0.0    0.0      0.0
  MONTH TO DATE    0.5                       1.7   -1.2      2.3
  SINCE JUL 1     38.8                      43.3   -4.5     48.9
  SNOW DEPTH       0

DEGREE DAYS
 HEATING
  YESTERDAY        6                        11     -5       24
  MONTH TO DATE  406                       488    -82      572
  SINCE JUL 1   6898                      6941    -43     7917

 COOLING
  YESTERDAY        0                         0      0        0
  MONTH TO DATE    1                         0      1        0
  SINCE JAN 1      1                         0      1        0
..................................................................


WIND (MPH)
  HIGHEST WIND SPEED    21   HIGHEST WIND DIRECTION     N (350)
  HIGHEST GUST SPEED    24   HIGHEST GUST DIRECTION     N (360)
  AVERAGE WIND SPEED     9.1


SKY COVER
  POSSIBLE SUNSHINE  MM
  AVERAGE SKY COVER 0.1


WEATHER CONDITIONS
 THE FOLLOWING WEATHER WAS RECORDED YESTERDAY.
  NO SIGNIFICANT WEATHER WAS OBSERVED.


RELATIVE HUMIDITY (PERCENT)
 HIGHEST    83           500 AM
 LOWEST     19           200 PM
 AVERAGE    51

..........................................................


THE LA CROSSE WI CLIMATE NORMALS FOR TODAY
                         NORMAL    RECORD    YEAR
 MAXIMUM TEMPERATURE (F)   66        90      1952
 MINIMUM TEMPERATURE (F)   44        17      1956


SUNRISE AND SUNSET
APRIL 30 2015.........SUNRISE   559 AM CDT   SUNSET   807 PM CDT
MAY  1 2015...........SUNRISE   557 AM CDT   SUNSET   808 PM CDT


-  INDICATES NEGATIVE NUMBERS.
R  INDICATES RECORD WAS SET OR TIED.
MM INDICATES DATA IS MISSING.
T  INDICATES TRACE AMOUNT.




$$
