000
CDUS43 KARX 200653
CLILSE


CLIMATE REPORT
NATIONAL WEATHER SERVICE LA CROSSE WI
152 AM CDT MON APR 20 2015


...................................

...THE LA CROSSE WI CLIMATE SUMMARY FOR APRIL 19 2015...

CLIMATE NORMAL PERIOD 1981 TO 2010
CLIMATE RECORD PERIOD 1873 TO 2015


WEATHER ITEM   OBSERVED TIME   RECORD YEAR NORMAL DEPARTURE LAST
                VALUE   (LST)  VALUE       VALUE  FROM      YEAR
                                                  NORMAL
..................................................................
TEMPERATURE (F)
 YESTERDAY
  MAXIMUM         59    940 AM  87    1985  61     -2       70
  MINIMUM         50    515 AM  20    1983  40     10       37
  AVERAGE         55                        50      5       54

PRECIPITATION (IN)
  YESTERDAY        0.35          1.60 2012   0.12   0.23     0.00
  MONTH TO DATE    3.58                      2.01   1.57     3.74
  SINCE MAR 1      4.39                      4.05   0.34     5.05
  SINCE JAN 1      5.60                      6.22  -0.62     7.41

SNOWFALL (IN)
  YESTERDAY        0.0           3.1  2011   0.1   -0.1      0.0
  MONTH TO DATE    0.4                       1.4   -1.0      2.3
  SINCE JUL 1     38.7                      43.0   -4.3     48.9
  SNOW DEPTH       0

DEGREE DAYS
 HEATING
  YESTERDAY       10                        15     -5       11
  MONTH TO DATE  240                       360   -120      411
  SINCE JUL 1   6732                      6813    -81     7756

 COOLING
  YESTERDAY        0                         0      0        0
  MONTH TO DATE    1                         0      1        0
  SINCE JAN 1      1                         0      1        0
..................................................................


WIND (MPH)
  HIGHEST WIND SPEED    23   HIGHEST WIND DIRECTION    NW (320)
  HIGHEST GUST SPEED    27   HIGHEST GUST DIRECTION    NW (320)
  AVERAGE WIND SPEED     9.0


SKY COVER
  POSSIBLE SUNSHINE  MM
  AVERAGE SKY COVER 0.8


WEATHER CONDITIONS
 THE FOLLOWING WEATHER WAS RECORDED YESTERDAY.
  RAIN
  LIGHT RAIN
  FOG


RELATIVE HUMIDITY (PERCENT)
 HIGHEST    93           700 PM
 LOWEST     38           200 AM
 AVERAGE    66

..........................................................


THE LA CROSSE WI CLIMATE NORMALS FOR TODAY
                         NORMAL    RECORD    YEAR
 MAXIMUM TEMPERATURE (F)   62        89      1987
 MINIMUM TEMPERATURE (F)   40        22      2013


SUNRISE AND SUNSET
APRIL 20 2015.........SUNRISE   614 AM CDT   SUNSET   755 PM CDT
APRIL 21 2015.........SUNRISE   612 AM CDT   SUNSET   756 PM CDT


-  INDICATES NEGATIVE NUMBERS.
R  INDICATES RECORD WAS SET OR TIED.
MM INDICATES DATA IS MISSING.
T  INDICATES TRACE AMOUNT.




$$
