000
CDUS43 KARX 280638
CLILSE


CLIMATE REPORT
NATIONAL WEATHER SERVICE LA CROSSE WI
137 AM CDT TUE APR 28 2015


...................................

...THE LA CROSSE WI CLIMATE SUMMARY FOR APRIL 27 2015...

CLIMATE NORMAL PERIOD 1981 TO 2010
CLIMATE RECORD PERIOD 1873 TO 2015


WEATHER ITEM   OBSERVED TIME   RECORD YEAR NORMAL DEPARTURE LAST
                VALUE   (LST)  VALUE       VALUE  FROM      YEAR
                                                  NORMAL
..................................................................
TEMPERATURE (F)
 YESTERDAY
  MAXIMUM         70    503 PM  88    1977  65      5       48
  MINIMUM         36    525 AM  28    1982  43     -7       42
                                      1933
  AVERAGE         53                        54     -1       45

PRECIPITATION (IN)
  YESTERDAY        0.00          3.91 1975   0.12  -0.12     0.29
  MONTH TO DATE    4.16                      2.97   1.19     5.85
  SINCE MAR 1      4.97                      5.01  -0.04     7.16
  SINCE JAN 1      6.18                      7.18  -1.00     9.52

SNOWFALL (IN)
  YESTERDAY        0.0           2.3  2002   0.0    0.0      0.0
  MONTH TO DATE    0.5                       1.6   -1.1      2.3
  SINCE JUL 1     38.8                      43.2   -4.4     48.9
  SNOW DEPTH       0

DEGREE DAYS
 HEATING
  YESTERDAY       12                        12      0       20
  MONTH TO DATE  393                       466    -73      528
  SINCE JUL 1   6885                      6919    -34     7873

 COOLING
  YESTERDAY        0                         0      0        0
  MONTH TO DATE    1                         0      1        0
  SINCE JAN 1      1                         0      1        0
..................................................................


WIND (MPH)
  HIGHEST WIND SPEED    16   HIGHEST WIND DIRECTION     N (350)
  HIGHEST GUST SPEED    24   HIGHEST GUST DIRECTION    NW (330)
  AVERAGE WIND SPEED     6.3


SKY COVER
  POSSIBLE SUNSHINE  MM
  AVERAGE SKY COVER 0.0


WEATHER CONDITIONS
 THE FOLLOWING WEATHER WAS RECORDED YESTERDAY.
  NO SIGNIFICANT WEATHER WAS OBSERVED.


RELATIVE HUMIDITY (PERCENT)
 HIGHEST    76           600 AM
 LOWEST     23           500 PM
 AVERAGE    50

..........................................................


THE LA CROSSE WI CLIMATE NORMALS FOR TODAY
                         NORMAL    RECORD    YEAR
 MAXIMUM TEMPERATURE (F)   65        89      2004
                                             1952
 MINIMUM TEMPERATURE (F)   43        27      1973


SUNRISE AND SUNSET
APRIL 28 2015.........SUNRISE   602 AM CDT   SUNSET   804 PM CDT
APRIL 29 2015.........SUNRISE   600 AM CDT   SUNSET   805 PM CDT


-  INDICATES NEGATIVE NUMBERS.
R  INDICATES RECORD WAS SET OR TIED.
MM INDICATES DATA IS MISSING.
T  INDICATES TRACE AMOUNT.




$$
