000
CDUS43 KARX 092133
CLILSE


CLIMATE REPORT
NATIONAL WEATHER SERVICE LA CROSSE WI
433 PM CDT THU APR 9 2015


...................................

...THE LA CROSSE WI CLIMATE SUMMARY FOR APRIL 9 2015...
VALID TODAY AS OF 0400 PM LOCAL TIME.

CLIMATE NORMAL PERIOD 1981 TO 2010
CLIMATE RECORD PERIOD 1873 TO 2015


WEATHER ITEM   OBSERVED TIME   RECORD YEAR NORMAL DEPARTURE LAST
                VALUE   (LST)  VALUE       VALUE  FROM      YEAR
                                                  NORMAL
..................................................................
TEMPERATURE (F)
 TODAY
  MAXIMUM         45   1224 PM  79    1887  56    -11       69
  MINIMUM         40    938 AM  17    1928  35      5       29
  AVERAGE         43                        46     -3       49

PRECIPITATION (IN)
  TODAY            0.81          1.83 2013   0.10   0.71     0.00
  MONTH TO DATE    2.54                      0.86   1.68     0.56
  SINCE MAR 1      3.35                      2.90   0.45     1.87
  SINCE JAN 1      4.56                      5.07  -0.51     4.23

SNOWFALL (IN)
  TODAY            0.0          10.3  1973   0.1   -0.1      0.0
  MONTH TO DATE    T                         0.8   -0.8      0.6
  SINCE JUL 1     38.3                      42.4   -4.1     47.2
  SNOW DEPTH       0

DEGREE DAYS
 HEATING
  TODAY           22                        19      3       16
  MONTH TO DATE  154                       191    -37      206
  SINCE JUL 1   6646                      6644      2     7551

 COOLING
  TODAY            0                         0      0        0
  MONTH TO DATE    0                         0      0        0
  SINCE JAN 1      0                         0      0        0
..................................................................


WIND (MPH)
  HIGHEST WIND SPEED    21   HIGHEST WIND DIRECTION    NW (320)
  HIGHEST GUST SPEED    25   HIGHEST GUST DIRECTION    NW (320)
  AVERAGE WIND SPEED     6.3


SKY COVER
  POSSIBLE SUNSHINE  MM
  AVERAGE SKY COVER 0.9


WEATHER CONDITIONS
 THE FOLLOWING WEATHER WAS RECORDED TODAY.
  THUNDERSTORM
  HEAVY RAIN
  RAIN
  LIGHT RAIN
  FOG


RELATIVE HUMIDITY (PERCENT)
 HIGHEST    86           100 AM
 LOWEST     79           300 AM
 AVERAGE    83

..........................................................


THE LA CROSSE WI CLIMATE NORMALS FOR TOMORROW
                         NORMAL    RECORD    YEAR
 MAXIMUM TEMPERATURE (F)   57        91      1930
 MINIMUM TEMPERATURE (F)   36        19      1909


SUNRISE AND SUNSET
APRIL  9 2015.........SUNRISE   633 AM CDT   SUNSET   741 PM CDT
APRIL 10 2015.........SUNRISE   631 AM CDT   SUNSET   743 PM CDT


-  INDICATES NEGATIVE NUMBERS.
R  INDICATES RECORD WAS SET OR TIED.
MM INDICATES DATA IS MISSING.
T  INDICATES TRACE AMOUNT.




$$
