000
CDUS43 KARX 240638
CLILSE


CLIMATE REPORT
NATIONAL WEATHER SERVICE LA CROSSE WI
137 AM CDT FRI APR 24 2015


...................................

...THE LA CROSSE WI CLIMATE SUMMARY FOR APRIL 23 2015...

CLIMATE NORMAL PERIOD 1981 TO 2010
CLIMATE RECORD PERIOD 1873 TO 2015


WEATHER ITEM   OBSERVED TIME   RECORD YEAR NORMAL DEPARTURE LAST
                VALUE   (LST)  VALUE       VALUE  FROM      YEAR
                                                  NORMAL
..................................................................
TEMPERATURE (F)
 YESTERDAY
  MAXIMUM         57    346 PM  86    1960  63     -6       53
                                      1925
  MINIMUM         28    409 AM  20    1910  41    -13       35
  AVERAGE         43                        52     -9       44

PRECIPITATION (IN)
  YESTERDAY        0.00          0.77 1896   0.12  -0.12     0.16
  MONTH TO DATE    4.06                      2.48   1.58     4.18
  SINCE MAR 1      4.87                      4.52   0.35     5.49
  SINCE JAN 1      6.08                      6.69  -0.61     7.85

SNOWFALL (IN)
  YESTERDAY        0.0           1.7  1910   0.0    0.0      0.0
                                      2001
  MONTH TO DATE    0.5                       1.5   -1.0      2.3
  SINCE JUL 1     38.8                      43.1   -4.3     48.9
  SNOW DEPTH       0

DEGREE DAYS
 HEATING
  YESTERDAY       22                        13      9       21
  MONTH TO DATE  327                       416    -89      457
  SINCE JUL 1   6819                      6869    -50     7802

 COOLING
  YESTERDAY        0                         0      0        0
  MONTH TO DATE    1                         0      1        0
  SINCE JAN 1      1                         0      1        0
..................................................................


WIND (MPH)
  HIGHEST WIND SPEED    17   HIGHEST WIND DIRECTION    NW (330)
  HIGHEST GUST SPEED    22   HIGHEST GUST DIRECTION     N (340)
  AVERAGE WIND SPEED     6.3


SKY COVER
  POSSIBLE SUNSHINE  MM
  AVERAGE SKY COVER 0.0


WEATHER CONDITIONS
 THE FOLLOWING WEATHER WAS RECORDED YESTERDAY.
  NO SIGNIFICANT WEATHER WAS OBSERVED.


RELATIVE HUMIDITY (PERCENT)
 HIGHEST    69           200 AM
 LOWEST     19           300 PM
 AVERAGE    44

..........................................................


THE LA CROSSE WI CLIMATE NORMALS FOR TODAY
                         NORMAL    RECORD    YEAR
 MAXIMUM TEMPERATURE (F)   63        90      2009
 MINIMUM TEMPERATURE (F)   42        24      1956


SUNRISE AND SUNSET
APRIL 24 2015.........SUNRISE   608 AM CDT   SUNSET   759 PM CDT
APRIL 25 2015.........SUNRISE   606 AM CDT   SUNSET   801 PM CDT


-  INDICATES NEGATIVE NUMBERS.
R  INDICATES RECORD WAS SET OR TIED.
MM INDICATES DATA IS MISSING.
T  INDICATES TRACE AMOUNT.




$$
