000
CDUS43 KARX 220646
CLILSE


CLIMATE REPORT
NATIONAL WEATHER SERVICE LA CROSSE WI
145 AM CDT WED APR 22 2015


...................................

...THE LA CROSSE WI CLIMATE SUMMARY FOR APRIL 21 2015...

CLIMATE NORMAL PERIOD 1981 TO 2010
CLIMATE RECORD PERIOD 1873 TO 2015


WEATHER ITEM   OBSERVED TIME   RECORD YEAR NORMAL DEPARTURE LAST
                VALUE   (LST)  VALUE       VALUE  FROM      YEAR
                                                  NORMAL
..................................................................
TEMPERATURE (F)
 YESTERDAY
  MAXIMUM         45    153 PM  91    1980  62    -17       74
  MINIMUM         36   1159 PM  26    1988  40     -4       49
                                      1978
  AVERAGE         41                        51    -10       62

PRECIPITATION (IN)
  YESTERDAY        0.01          2.08 1977   0.11  -0.10      T
  MONTH TO DATE    4.04                      2.24   1.80     4.02
  SINCE MAR 1      4.85                      4.28   0.57     5.33
  SINCE JAN 1      6.06                      6.45  -0.39     7.69

SNOWFALL (IN)
  YESTERDAY        T             4.5  2002   0.1   -0.1      0.0
  MONTH TO DATE    0.4                       1.5   -1.1      2.3
  SINCE JUL 1     38.7                      43.1   -4.4     48.9
  SNOW DEPTH       0

DEGREE DAYS
 HEATING
  YESTERDAY       24                        14     10        3
  MONTH TO DATE  283                       389   -106      421
  SINCE JUL 1   6775                      6842    -67     7766

 COOLING
  YESTERDAY        0                         0      0        0
  MONTH TO DATE    1                         0      1        0
  SINCE JAN 1      1                         0      1        0
..................................................................


WIND (MPH)
  HIGHEST WIND SPEED    29   HIGHEST WIND DIRECTION     W (280)
  HIGHEST GUST SPEED    38   HIGHEST GUST DIRECTION     W (270)
  AVERAGE WIND SPEED    17.6


SKY COVER
  POSSIBLE SUNSHINE  MM
  AVERAGE SKY COVER 1.0


WEATHER CONDITIONS
 THE FOLLOWING WEATHER WAS RECORDED YESTERDAY.
  LIGHT RAIN


RELATIVE HUMIDITY (PERCENT)
 HIGHEST    70           100 AM
 LOWEST     53          1200 PM
 AVERAGE    62

..........................................................


THE LA CROSSE WI CLIMATE NORMALS FOR TODAY
                         NORMAL    RECORD    YEAR
 MAXIMUM TEMPERATURE (F)   63        93      1980
 MINIMUM TEMPERATURE (F)   41        23      1986


SUNRISE AND SUNSET
APRIL 22 2015.........SUNRISE   611 AM CDT   SUNSET   757 PM CDT
APRIL 23 2015.........SUNRISE   609 AM CDT   SUNSET   758 PM CDT


-  INDICATES NEGATIVE NUMBERS.
R  INDICATES RECORD WAS SET OR TIED.
MM INDICATES DATA IS MISSING.
T  INDICATES TRACE AMOUNT.




$$
