000
CDUS43 KARX 112127
CLILSE


CLIMATE REPORT
NATIONAL WEATHER SERVICE LA CROSSE WI
427 PM CDT SAT APR 11 2015


...................................

...THE LA CROSSE WI CLIMATE SUMMARY FOR APRIL 11 2015...
VALID TODAY AS OF 0400 PM LOCAL TIME.

CLIMATE NORMAL PERIOD 1981 TO 2010
CLIMATE RECORD PERIOD 1873 TO 2015


WEATHER ITEM   OBSERVED TIME   RECORD YEAR NORMAL DEPARTURE LAST
                VALUE   (LST)  VALUE       VALUE  FROM      YEAR
                                                  NORMAL
..................................................................
TEMPERATURE (F)
 TODAY
  MAXIMUM         67    259 PM  85    1977  57     10       68
  MINIMUM         35    417 AM  20    1940  36     -1       39
  AVERAGE         51                        47      4       54

PRECIPITATION (IN)
  TODAY            0.00          1.49 1922   0.11  -0.11     0.01
  MONTH TO DATE    3.21                      1.08   2.13     0.57
  SINCE MAR 1      4.02                      3.12   0.90     1.88
  SINCE JAN 1      5.23                      5.29  -0.06     4.24

SNOWFALL (IN)
  TODAY            0.0           3.0  2007   0.1   -0.1      0.0
  MONTH TO DATE    0.4                       0.9   -0.5      0.6
  SINCE JUL 1     38.7                      42.5   -3.8     47.2
  SNOW DEPTH       0

DEGREE DAYS
 HEATING
  TODAY           14                        18     -4       11
  MONTH TO DATE  192                       228    -36      229
  SINCE JUL 1   6684                      6681      3     7574

 COOLING
  TODAY            0                         0      0        0
  MONTH TO DATE    0                         0      0        0
  SINCE JAN 1      0                         0      0        0
..................................................................


WIND (MPH)
  HIGHEST WIND SPEED    20   HIGHEST WIND DIRECTION    SW (220)
  HIGHEST GUST SPEED    23   HIGHEST GUST DIRECTION    SW (210)
  AVERAGE WIND SPEED     6.9


SKY COVER
  POSSIBLE SUNSHINE  MM
  AVERAGE SKY COVER 0.0


WEATHER CONDITIONS
 THE FOLLOWING WEATHER WAS RECORDED TODAY.
  NO SIGNIFICANT WEATHER WAS OBSERVED.


RELATIVE HUMIDITY (PERCENT)
 HIGHEST    92           500 AM
 LOWEST     26           300 PM
 AVERAGE    59

..........................................................


THE LA CROSSE WI CLIMATE NORMALS FOR TOMORROW
                         NORMAL    RECORD    YEAR
 MAXIMUM TEMPERATURE (F)   58        81      1931
 MINIMUM TEMPERATURE (F)   37        19      1957
                                             1939


SUNRISE AND SUNSET
APRIL 11 2015.........SUNRISE   629 AM CDT   SUNSET   744 PM CDT
APRIL 12 2015.........SUNRISE   627 AM CDT   SUNSET   745 PM CDT


-  INDICATES NEGATIVE NUMBERS.
R  INDICATES RECORD WAS SET OR TIED.
MM INDICATES DATA IS MISSING.
T  INDICATES TRACE AMOUNT.




$$
