000
CDUS43 KARX 270640
CLILSE


CLIMATE REPORT
NATIONAL WEATHER SERVICE LA CROSSE WI
139 AM CDT MON APR 27 2015


...................................

...THE LA CROSSE WI CLIMATE SUMMARY FOR APRIL 26 2015...

CLIMATE NORMAL PERIOD 1981 TO 2010
CLIMATE RECORD PERIOD 1873 TO 2015


WEATHER ITEM   OBSERVED TIME   RECORD YEAR NORMAL DEPARTURE LAST
                VALUE   (LST)  VALUE       VALUE  FROM      YEAR
                                                  NORMAL
..................................................................
TEMPERATURE (F)
 YESTERDAY
  MAXIMUM         65    455 PM  86    1962  64      1       59
  MINIMUM         29    525 AM  27    1926  42    -13       37
  AVERAGE         47                        53     -6       48

PRECIPITATION (IN)
  YESTERDAY        0.00          1.33 2009   0.12  -0.12     0.02
  MONTH TO DATE    4.16                      2.85   1.31     5.56
  SINCE MAR 1      4.97                      4.89   0.08     6.87
  SINCE JAN 1      6.18                      7.06  -0.88     9.23

SNOWFALL (IN)
  YESTERDAY        0.0           0.2  1931   0.0    0.0      0.0
                                      2001
  MONTH TO DATE    0.5                       1.6   -1.1      2.3
  SINCE JUL 1     38.8                      43.2   -4.4     48.9
  SNOW DEPTH       0

DEGREE DAYS
 HEATING
  YESTERDAY       18                        12      6       17
  MONTH TO DATE  381                       454    -73      508
  SINCE JUL 1   6873                      6907    -34     7853

 COOLING
  YESTERDAY        0                         0      0        0
  MONTH TO DATE    1                         0      1        0
  SINCE JAN 1      1                         0      1        0
..................................................................


WIND (MPH)
  HIGHEST WIND SPEED    14   HIGHEST WIND DIRECTION     N (360)
  HIGHEST GUST SPEED    17   HIGHEST GUST DIRECTION     N (340)
  AVERAGE WIND SPEED     5.2


SKY COVER
  POSSIBLE SUNSHINE  MM
  AVERAGE SKY COVER 0.0


WEATHER CONDITIONS
 THE FOLLOWING WEATHER WAS RECORDED YESTERDAY.
  NO SIGNIFICANT WEATHER WAS OBSERVED.


RELATIVE HUMIDITY (PERCENT)
 HIGHEST    78           500 AM
 LOWEST     20           400 PM
 AVERAGE    49

..........................................................


THE LA CROSSE WI CLIMATE NORMALS FOR TODAY
                         NORMAL    RECORD    YEAR
 MAXIMUM TEMPERATURE (F)   65        88      1977
 MINIMUM TEMPERATURE (F)   43        28      1982
                                             1933


SUNRISE AND SUNSET
APRIL 27 2015.........SUNRISE   603 AM CDT   SUNSET   803 PM CDT
APRIL 28 2015.........SUNRISE   602 AM CDT   SUNSET   804 PM CDT


-  INDICATES NEGATIVE NUMBERS.
R  INDICATES RECORD WAS SET OR TIED.
MM INDICATES DATA IS MISSING.
T  INDICATES TRACE AMOUNT.




$$
